CRAN Package Check Results for Package imager

Last updated on 2024-02-22 15:49:22 CET.

Flavor Version Tinstall Tcheck Ttotal Status Flags
r-devel-linux-x86_64-debian-clang 0.45.2 NOTE
r-devel-linux-x86_64-debian-gcc 0.45.8 650.96 166.54 817.50 OK
r-devel-linux-x86_64-fedora-clang 0.45.8 986.64 NOTE
r-devel-linux-x86_64-fedora-gcc 0.45.8 1514.09 OK
r-devel-windows-x86_64 0.45.2 516.00 262.00 778.00 NOTE
r-patched-linux-x86_64 0.45.8 764.20 210.53 974.73 OK
r-release-linux-x86_64 0.45.2 750.07 213.93 964.00 OK
r-release-macos-arm64 0.45.8 192.00 NOTE
r-release-macos-x86_64 0.45.8 363.00 NOTE
r-release-windows-x86_64 0.45.8 400.00 277.00 677.00 NOTE
r-oldrel-macos-arm64 0.45.8 175.00 NOTE
r-oldrel-windows-x86_64 0.45.8 370.00 236.00 606.00 NOTE

Check Details

Version: 0.45.2
Check: Rd files
Result: NOTE checkRd: (-1) distance_transform.Rd:14: Lost braces; missing escapes or markup? 14 | \item{metric}{Type of metric. Can be <tt>{ 0=Chebyshev | 1=Manhattan | 2=Euclidean | 3=Squared-euclidean }</tt>.} | ^ checkRd: (-1) warp.Rd:14: Lost braces; missing escapes or markup? 14 | \item{mode}{Can be { 0=backward-absolute | 1=backward-relative | 2=forward-absolute | 3=forward-relative }} | ^ checkRd: (-1) warp.Rd:16: Lost braces; missing escapes or markup? 16 | \item{interpolation}{Can be <tt>{ 0=nearest | 1=linear | 2=cubic }</tt>.} | ^ checkRd: (-1) warp.Rd:18: Lost braces; missing escapes or markup? 18 | \item{boundary_conditions}{Boundary conditions. Can be <tt>{ 0=dirichlet | 1=neumann | 2=periodic }</tt>.} | ^ Flavor: r-devel-linux-x86_64-debian-clang

Version: 0.45.8
Check: installed package size
Result: NOTE installed size is 14.8Mb sub-directories of 1Mb or more: data 1.4Mb doc 3.7Mb extdata 1.1Mb include 3.0Mb libs 4.9Mb Flavors: r-devel-linux-x86_64-fedora-clang, r-release-macos-arm64, r-release-macos-x86_64, r-release-windows-x86_64, r-oldrel-macos-arm64, r-oldrel-windows-x86_64

Version: 0.45.2
Check: installed package size
Result: NOTE installed size is 21.5Mb sub-directories of 1Mb or more: data 1.4Mb doc 5.2Mb extdata 1.0Mb include 3.0Mb libs 10.2Mb Flavor: r-devel-windows-x86_64