CRAN Package Check Results for Package imageseg

Last updated on 2024-07-25 04:49:54 CEST.

Flavor Version Tinstall Tcheck Ttotal Status Flags
r-devel-linux-x86_64-debian-clang 0.5.0 14.59 116.10 130.69 NOTE
r-devel-linux-x86_64-debian-gcc 0.5.0 9.24 89.51 98.75 NOTE
r-devel-linux-x86_64-fedora-clang 0.5.0 170.85 NOTE
r-devel-linux-x86_64-fedora-gcc 0.5.0 168.56 NOTE
r-devel-windows-x86_64 0.5.0 12.00 106.00 118.00 NOTE
r-patched-linux-x86_64 0.5.0 13.60 113.32 126.92 NOTE
r-release-linux-x86_64 0.5.0 10.70 111.89 122.59 NOTE
r-release-macos-arm64 0.5.0 50.00 NOTE
r-release-macos-x86_64 0.5.0 79.00 NOTE
r-release-windows-x86_64 0.5.0 11.00 106.00 117.00 NOTE
r-oldrel-macos-arm64 0.5.0 59.00 OK
r-oldrel-macos-x86_64 0.5.0 92.00 OK
r-oldrel-windows-x86_64 0.5.0 15.00 119.00 134.00 OK

Check Details

Version: 0.5.0
Check: Rd files
Result: NOTE checkRd: (-1) imagesToKerasInput.Rd:23: Lost braces 23 | \item{grayscale}{logical. Defines color channels of images: 1 if code{TRUE}, 3 if \code{FALSE}.} | ^ Flavors: r-devel-linux-x86_64-debian-clang, r-devel-linux-x86_64-debian-gcc, r-devel-linux-x86_64-fedora-clang, r-devel-linux-x86_64-fedora-gcc, r-devel-windows-x86_64, r-patched-linux-x86_64, r-release-linux-x86_64, r-release-macos-arm64, r-release-macos-x86_64, r-release-windows-x86_64