CRAN Package Check Results for Package impactr

Last updated on 2024-07-19 04:56:40 CEST.

Flavor Version Tinstall Tcheck Ttotal Status Flags
r-devel-linux-x86_64-debian-clang 0.4.2 33.15 67.58 100.73 NOTE
r-devel-linux-x86_64-debian-gcc 0.4.2 19.86 50.32 70.18 NOTE
r-devel-linux-x86_64-fedora-clang 0.4.2 146.90 NOTE
r-devel-linux-x86_64-fedora-gcc 0.4.2 143.25 NOTE
r-devel-windows-x86_64 0.4.2 24.00 93.00 117.00 NOTE
r-patched-linux-x86_64 0.4.2 17.59 66.25 83.84 NOTE
r-release-linux-x86_64 0.4.2 18.96 66.33 85.29 NOTE
r-release-macos-arm64 0.4.2 42.00 NOTE
r-release-macos-x86_64 0.4.2 59.00 NOTE
r-release-windows-x86_64 0.4.2 28.00 85.00 113.00 NOTE
r-oldrel-macos-arm64 0.4.2 47.00 NOTE
r-oldrel-macos-x86_64 0.4.2 86.00 NOTE
r-oldrel-windows-x86_64 0.4.2 35.00 103.00 138.00 NOTE

Check Details

Version: 0.4.2
Check: package dependencies
Result: NOTE Package suggested but not available for checking: ‘accdata’ Flavors: r-devel-linux-x86_64-debian-clang, r-devel-linux-x86_64-debian-gcc, r-devel-linux-x86_64-fedora-clang, r-devel-linux-x86_64-fedora-gcc, r-devel-windows-x86_64, r-patched-linux-x86_64, r-release-linux-x86_64, r-release-macos-arm64, r-release-macos-x86_64, r-release-windows-x86_64, r-oldrel-macos-arm64, r-oldrel-macos-x86_64, r-oldrel-windows-x86_64