CRAN Package Check Results for Package imptree

Last updated on 2021-09-22 04:55:00 CEST.

Flavor Version Tinstall Tcheck Ttotal Status Flags
r-devel-linux-x86_64-debian-clang 0.5.1 66.25 33.40 99.65 OK
r-devel-linux-x86_64-debian-gcc 0.5.1 43.35 25.93 69.28 OK
r-devel-linux-x86_64-fedora-clang 0.5.1 147.58 OK
r-devel-linux-x86_64-fedora-gcc 0.5.1 125.62 OK
r-devel-windows-x86_64 0.5.1 67.00 46.00 113.00 OK
r-devel-windows-x86_64-gcc10-UCRT 0.5.1 ERROR
r-patched-linux-x86_64 0.5.1 52.04 31.73 83.77 OK
r-patched-solaris-x86 0.5.1 124.90 OK
r-release-linux-x86_64 0.5.1 52.80 32.15 84.95 OK
r-release-macos-arm64 0.5.1 OK
r-release-macos-x86_64 0.5.1 OK
r-release-windows-ix86+x86_64 0.5.1 151.00 62.00 213.00 OK
r-oldrel-macos-x86_64 0.5.1 OK
r-oldrel-windows-ix86+x86_64 0.5.1 154.00 62.00 216.00 OK

Check Details

Version: 0.5.1
Check: whether package can be installed
Result: ERROR
    Installation failed.
Flavor: r-devel-windows-x86_64-gcc10-UCRT