CRAN Package Check Results for Package imputeR

Last updated on 2021-07-28 22:57:52 CEST.

Flavor Version Tinstall Tcheck Ttotal Status Flags
r-devel-linux-x86_64-debian-clang 2.2 OK
r-devel-linux-x86_64-debian-gcc 2.2 2.99 34.48 37.47 OK
r-devel-linux-x86_64-fedora-clang 2.2 67.40 OK
r-devel-linux-x86_64-fedora-gcc 2.2 56.15 OK
r-devel-windows-x86_64 2.2 5.00 64.00 69.00 OK
r-devel-windows-x86_64-gcc10-UCRT 2.2 OK
r-patched-linux-x86_64 2.2 4.41 42.33 46.74 OK
r-patched-solaris-x86 2.2 90.40 OK
r-release-linux-x86_64 2.2 3.65 43.06 46.71 OK
r-release-macos-arm64 2.2 OK
r-release-macos-x86_64 2.2 OK
r-release-windows-ix86+x86_64 2.2 8.00 49.00 57.00 OK
r-oldrel-macos-x86_64 2.2 NOTE
r-oldrel-windows-ix86+x86_64 2.2 6.00 67.00 73.00 OK

Check Details

Version: 2.2
Check: package dependencies
Result: NOTE
    Package suggested but not available for checking: ‘ridge’
Flavor: r-oldrel-macos-x86_64

Version: 2.2
Check: Rd cross-references
Result: NOTE
    Package unavailable to check Rd xrefs: ‘ridge’
Flavor: r-oldrel-macos-x86_64