CRAN Package Check Results for Package imputeTestbench

Last updated on 2021-09-21 07:50:13 CEST.

Flavor Version Tinstall Tcheck Ttotal Status Flags
r-devel-linux-x86_64-debian-clang 3.0.3 7.94 79.26 87.20 NOTE
r-devel-linux-x86_64-debian-gcc 3.0.3 6.24 58.58 64.82 NOTE
r-devel-linux-x86_64-fedora-clang 3.0.3 110.34 NOTE
r-devel-linux-x86_64-fedora-gcc 3.0.3 97.77 NOTE
r-devel-windows-x86_64 3.0.3 8.00 72.00 80.00 NOTE
r-devel-windows-x86_64-gcc10-UCRT 3.0.3 ERROR
r-patched-linux-x86_64 3.0.3 6.48 73.27 79.75 NOTE
r-patched-solaris-x86 3.0.3 150.70 NOTE
r-release-linux-x86_64 3.0.3 5.98 73.85 79.83 NOTE
r-release-macos-arm64 3.0.3 NOTE
r-release-macos-x86_64 3.0.3 NOTE
r-release-windows-ix86+x86_64 3.0.3 20.00 72.00 92.00 NOTE
r-oldrel-macos-x86_64 3.0.3 OK
r-oldrel-windows-ix86+x86_64 3.0.3 20.00 77.00 97.00 OK

Check Details

Version: 3.0.3
Check: LazyData
Result: NOTE
     'LazyData' is specified without a 'data' directory
Flavors: r-devel-linux-x86_64-debian-clang, r-devel-linux-x86_64-debian-gcc, r-devel-linux-x86_64-fedora-clang, r-devel-linux-x86_64-fedora-gcc, r-devel-windows-x86_64, r-devel-windows-x86_64-gcc10-UCRT, r-patched-linux-x86_64, r-patched-solaris-x86, r-release-linux-x86_64, r-release-macos-arm64, r-release-macos-x86_64, r-release-windows-ix86+x86_64

Version: 3.0.3
Check: whether package can be installed
Result: WARN
    Found the following significant warnings:
     WARNING: installation-time patches will not be applied, could not get the patches index
Flavor: r-devel-windows-x86_64-gcc10-UCRT

Version: 3.0.3
Check: PDF version of manual
Result: WARN
    LaTeX errors when creating PDF version.
    This typically indicates Rd problems.
Flavor: r-devel-windows-x86_64-gcc10-UCRT

Version: 3.0.3
Check: PDF version of manual without hyperrefs or index
Result: ERROR
    Re-running with no redirection of stdout/stderr.
Flavor: r-devel-windows-x86_64-gcc10-UCRT