CRAN Package Check Results for Package incR

Last updated on 2021-08-01 10:51:17 CEST.

Flavor Version Tinstall Tcheck Ttotal Status Flags
r-devel-linux-x86_64-debian-clang 1.1.0 2.72 42.39 45.11 OK
r-devel-linux-x86_64-debian-gcc 1.1.0 2.51 31.69 34.20 OK
r-devel-linux-x86_64-fedora-clang 1.1.0 61.08 NOTE
r-devel-linux-x86_64-fedora-gcc 1.1.0 52.32 NOTE
r-devel-windows-x86_64 1.1.0 4.00 63.00 67.00 OK
r-devel-windows-x86_64-gcc10-UCRT 1.1.0 NOTE
r-patched-linux-x86_64 1.1.0 OK
r-patched-solaris-x86 1.1.0 75.60 NOTE
r-release-linux-x86_64 1.1.0 3.02 39.29 42.31 OK
r-release-macos-arm64 1.1.0 WARN
r-release-macos-x86_64 1.1.0 NOTE
r-release-windows-ix86+x86_64 1.1.0 7.00 63.00 70.00 OK
r-oldrel-macos-x86_64 1.1.0 NOTE
r-oldrel-windows-ix86+x86_64 1.1.0 7.00 64.00 71.00 OK

Check Details

Version: 1.1.0
Check: dependencies in R code
Result: NOTE
    Namespaces in Imports field not imported from:
     ‘dplyr’ ‘rgeos’
     All declared Imports should be used.
Flavors: r-devel-linux-x86_64-fedora-clang, r-devel-linux-x86_64-fedora-gcc, r-devel-windows-x86_64-gcc10-UCRT, r-patched-solaris-x86, r-release-macos-arm64, r-release-macos-x86_64, r-oldrel-macos-x86_64

Version: 1.1.0
Check: re-building of vignette outputs
Result: WARN
    Error(s) in re-building vignettes:
     ...
    --- re-building ‘incR_pipeline.Rmd’ using rmarkdown
    Warning in engine$weave(file, quiet = quiet, encoding = enc) :
     Pandoc (>= 1.12.3) not available. Falling back to R Markdown v1.
    Quitting from lines 116-125 (incR_pipeline.Rmd)
    Error: processing vignette 'incR_pipeline.Rmd' failed with diagnostics:
    polygon edge not found
    --- failed re-building ‘incR_pipeline.Rmd’
    
    SUMMARY: processing the following file failed:
     ‘incR_pipeline.Rmd’
    
    Error: Vignette re-building failed.
    Execution halted
Flavor: r-release-macos-arm64