CRAN Package Check Results for Package incidence2

Last updated on 2021-09-19 16:49:02 CEST.

Flavor Version Tinstall Tcheck Ttotal Status Flags
r-devel-linux-x86_64-debian-clang 1.2.2 6.15 109.27 115.42 OK
r-devel-linux-x86_64-debian-gcc 1.2.2 4.45 72.72 77.17 OK
r-devel-linux-x86_64-fedora-clang 1.2.2 129.52 OK
r-devel-linux-x86_64-fedora-gcc 1.2.2 113.45 OK
r-devel-windows-x86_64 1.2.2 8.00 124.00 132.00 OK
r-devel-windows-x86_64-gcc10-UCRT 1.2.2 ERROR
r-patched-linux-x86_64 1.2.2 12.52 95.73 108.25 OK
r-patched-solaris-x86 1.2.2 159.90 OK
r-release-linux-x86_64 1.2.2 4.29 96.22 100.51 OK
r-release-macos-arm64 1.2.2 OK
r-release-macos-x86_64 1.2.2 OK
r-release-windows-ix86+x86_64 1.2.2 13.00 88.00 101.00 OK
r-oldrel-macos-x86_64 1.2.2 OK
r-oldrel-windows-ix86+x86_64 1.2.2 14.00 88.00 102.00 OK

Check Details

Version: 1.2.2
Check: whether package can be installed
Result: WARN
    Found the following significant warnings:
     WARNING: installation-time patches will not be applied, could not get the patches index
Flavor: r-devel-windows-x86_64-gcc10-UCRT

Version: 1.2.2
Check: PDF version of manual
Result: WARN
    LaTeX errors when creating PDF version.
    This typically indicates Rd problems.
Flavor: r-devel-windows-x86_64-gcc10-UCRT

Version: 1.2.2
Check: PDF version of manual without hyperrefs or index
Result: ERROR
    Re-running with no redirection of stdout/stderr.
Flavor: r-devel-windows-x86_64-gcc10-UCRT