CRAN Package Check Results for Package inferr

Last updated on 2021-09-19 07:50:24 CEST.

Flavor Version Tinstall Tcheck Ttotal Status Flags
r-devel-linux-x86_64-debian-clang 0.3.1 28.49 57.66 86.15 OK
r-devel-linux-x86_64-debian-gcc 0.3.1 18.97 43.36 62.33 OK
r-devel-linux-x86_64-fedora-clang 0.3.1 119.90 OK
r-devel-linux-x86_64-fedora-gcc 0.3.1 101.45 OK
r-devel-windows-x86_64 0.3.1 32.00 87.00 119.00 OK
r-devel-windows-x86_64-gcc10-UCRT 0.3.1 ERROR
r-patched-linux-x86_64 0.3.1 21.82 53.79 75.61 OK
r-patched-solaris-x86 0.3.1 117.60 OK
r-release-linux-x86_64 0.3.1 22.57 54.03 76.60 OK
r-release-macos-arm64 0.3.1 OK
r-release-macos-x86_64 0.3.1 OK
r-release-windows-ix86+x86_64 0.3.1 66.00 80.00 146.00 OK
r-oldrel-macos-x86_64 0.3.1 OK
r-oldrel-windows-ix86+x86_64 0.3.1 65.00 78.00 143.00 OK

Check Details

Version: 0.3.1
Check: whether package can be installed
Result: ERROR
    Installation failed.
Flavor: r-devel-windows-x86_64-gcc10-UCRT