CRAN Package Check Results for Package inlabru

Last updated on 2021-09-27 04:54:59 CEST.

Flavor Version Tinstall Tcheck Ttotal Status Flags
r-devel-linux-x86_64-debian-clang 2.3.1 20.54 188.94 209.48 NOTE
r-devel-linux-x86_64-debian-gcc 2.3.1 15.63 139.85 155.48 NOTE
r-devel-linux-x86_64-fedora-clang 2.3.1 347.76 OK
r-devel-linux-x86_64-fedora-gcc 2.3.1 341.07 OK
r-devel-windows-x86_64 2.3.1 25.00 189.00 214.00 OK
r-devel-windows-x86_64-gcc10-UCRT 2.3.1 NOTE
r-patched-linux-x86_64 2.3.1 27.00 181.46 208.46 NOTE
r-patched-solaris-x86 2.3.1 318.90 NOTE
r-release-linux-x86_64 2.3.1 19.30 181.84 201.14 NOTE
r-release-macos-arm64 2.3.1 NOTE
r-release-macos-x86_64 2.3.1 NOTE
r-release-windows-ix86+x86_64 2.3.1 40.00 198.00 238.00 OK
r-oldrel-macos-x86_64 2.3.1 NOTE
r-oldrel-windows-ix86+x86_64 2.3.1 27.00 168.00 195.00 OK

Check Details

Version: 2.3.1
Check: package dependencies
Result: NOTE
    Package suggested but not available for checking: 'INLA'
Flavors: r-devel-linux-x86_64-debian-clang, r-devel-linux-x86_64-debian-gcc, r-devel-windows-x86_64-gcc10-UCRT, r-patched-linux-x86_64, r-patched-solaris-x86, r-release-linux-x86_64, r-release-macos-arm64, r-release-macos-x86_64, r-oldrel-macos-x86_64