CRAN Package Check Results for Package inlmisc

Last updated on 2021-10-22 16:50:38 CEST.

Flavor Version Tinstall Tcheck Ttotal Status Flags
r-devel-linux-x86_64-debian-clang 0.5.2 29.68 287.01 316.69 NOTE
r-devel-linux-x86_64-debian-gcc 0.5.2 23.36 213.18 236.54 NOTE
r-devel-linux-x86_64-fedora-clang 0.5.2 384.25 NOTE
r-devel-linux-x86_64-fedora-gcc 0.5.2 373.55 NOTE
r-devel-windows-x86_64 0.5.2 46.00 350.00 396.00 NOTE
r-devel-windows-x86_64-gcc10-UCRT 0.5.2 ERROR
r-patched-linux-x86_64 0.5.2 36.75 268.55 305.30 NOTE
r-patched-solaris-x86 0.5.2 458.10 NOTE
r-release-linux-x86_64 0.5.2 23.21 267.95 291.16 NOTE
r-release-macos-arm64 0.5.2 NOTE
r-release-macos-x86_64 0.5.2 NOTE
r-release-windows-ix86+x86_64 0.5.2 49.00 380.00 429.00 NOTE
r-oldrel-macos-x86_64 0.5.2 OK
r-oldrel-windows-ix86+x86_64 0.5.2 35.00 270.00 305.00 OK

Check Details

Version: 0.5.2
Check: LazyData
Result: NOTE
     'LazyData' is specified without a 'data' directory
     'LazyDataCompression' is specified without a 'data' directory
Flavors: r-devel-linux-x86_64-debian-clang, r-devel-linux-x86_64-debian-gcc, r-devel-linux-x86_64-fedora-clang, r-devel-linux-x86_64-fedora-gcc, r-devel-windows-x86_64, r-patched-linux-x86_64, r-patched-solaris-x86, r-release-linux-x86_64, r-release-macos-arm64, r-release-macos-x86_64, r-release-windows-ix86+x86_64

Version: 0.5.2
Check: package dependencies
Result: ERROR
    Package required but not available: 'igraph'
    
    See section 'The DESCRIPTION file' in the 'Writing R Extensions'
    manual.
Flavor: r-devel-windows-x86_64-gcc10-UCRT