CRAN Package Check Results for Package insuranceData

Last updated on 2022-01-24 15:54:15 CET.

Flavor Version Tinstall Tcheck Ttotal Status Flags
r-devel-linux-x86_64-debian-clang 1.0 1.81 26.64 28.45 NOTE
r-devel-linux-x86_64-debian-gcc 1.0 1.30 20.57 21.87 NOTE
r-devel-linux-x86_64-fedora-clang 1.0 35.51 NOTE
r-devel-linux-x86_64-fedora-gcc 1.0 25.36 NOTE
r-devel-windows-x86_64-new-UL 1.0 20.00 44.00 64.00 NOTE
r-devel-windows-x86_64-new-TK 1.0 NOTE
r-patched-linux-x86_64 1.0 1.35 26.07 27.42 NOTE
r-release-linux-x86_64 1.0 1.75 25.29 27.04 NOTE
r-release-macos-arm64 1.0 NOTE
r-release-macos-x86_64 1.0 NOTE
r-release-windows-ix86+x86_64 1.0 4.00 29.00 33.00 NOTE
r-oldrel-macos-x86_64 1.0 NOTE
r-oldrel-windows-ix86+x86_64 1.0 3.00 25.00 28.00 NOTE

Check Details

Version: 1.0
Check: DESCRIPTION meta-information
Result: NOTE
    Malformed Title field: should not end in a period.
Flavors: r-devel-linux-x86_64-debian-clang, r-devel-linux-x86_64-debian-gcc, r-devel-linux-x86_64-fedora-clang, r-devel-linux-x86_64-fedora-gcc, r-devel-windows-x86_64-new-UL, r-devel-windows-x86_64-new-TK, r-patched-linux-x86_64, r-release-linux-x86_64, r-release-macos-arm64, r-release-macos-x86_64, r-release-windows-ix86+x86_64, r-oldrel-macos-x86_64, r-oldrel-windows-ix86+x86_64