CRAN Package Check Results for Package intkrige

Last updated on 2021-09-27 16:50:18 CEST.

Flavor Version Tinstall Tcheck Ttotal Status Flags
r-devel-linux-x86_64-debian-clang 1.0.1 63.04 221.84 284.88 OK
r-devel-linux-x86_64-debian-gcc 1.0.1 46.69 172.74 219.43 OK
r-devel-linux-x86_64-fedora-clang 1.0.1 379.12 OK
r-devel-linux-x86_64-fedora-gcc 1.0.1 345.03 OK
r-devel-windows-x86_64 1.0.1 60.00 207.00 267.00 OK
r-devel-windows-x86_64-gcc10-UCRT 1.0.1 OK
r-patched-linux-x86_64 1.0.1 54.03 212.49 266.52 OK
r-patched-solaris-x86 1.0.1 583.70 OK
r-release-linux-x86_64 1.0.1 59.77 212.70 272.47 OK
r-release-macos-arm64 1.0.1 NOTE
r-release-macos-x86_64 1.0.1 OK
r-release-windows-ix86+x86_64 1.0.1 150.00 239.00 389.00 OK
r-oldrel-macos-x86_64 1.0.1 OK
r-oldrel-windows-ix86+x86_64 1.0.1 105.00 262.00 367.00 OK

Check Details

Version: 1.0.1
Check: installed package size
Result: NOTE
     installed size is 5.2Mb
     sub-directories of 1Mb or more:
     libs 4.4Mb
Flavor: r-release-macos-arm64