CRAN Package Check Results for Package inventorize

Last updated on 2021-07-29 13:53:35 CEST.

Flavor Version Tinstall Tcheck Ttotal Status Flags
r-devel-linux-x86_64-debian-clang 1.0.6 NOTE
r-devel-linux-x86_64-debian-gcc 1.0.6 7.06 56.91 63.97 NOTE
r-devel-linux-x86_64-fedora-clang 1.0.6 111.00 NOTE
r-devel-linux-x86_64-fedora-gcc 1.0.6 97.51 NOTE
r-devel-windows-x86_64 1.0.6 12.00 100.00 112.00 NOTE
r-devel-windows-x86_64-gcc10-UCRT 1.0.6 NOTE
r-patched-linux-x86_64 1.0.6 9.13 72.60 81.73 NOTE
r-patched-solaris-x86 1.0.6 132.40 NOTE
r-release-linux-x86_64 1.0.6 7.98 72.01 79.99 NOTE
r-release-macos-arm64 1.0.6 NOTE
r-release-macos-x86_64 1.0.6 NOTE
r-release-windows-ix86+x86_64 1.0.6 19.00 101.00 120.00 NOTE
r-oldrel-macos-x86_64 1.0.6 OK
r-oldrel-windows-ix86+x86_64 1.0.6 25.00 100.00 125.00 OK

Check Details

Version: 1.0.6
Check: LazyData
Result: NOTE
     'LazyData' is specified without a 'data' directory
Flavors: r-devel-linux-x86_64-debian-clang, r-devel-linux-x86_64-debian-gcc, r-devel-linux-x86_64-fedora-clang, r-devel-linux-x86_64-fedora-gcc, r-devel-windows-x86_64, r-devel-windows-x86_64-gcc10-UCRT, r-patched-linux-x86_64, r-patched-solaris-x86, r-release-linux-x86_64, r-release-macos-arm64, r-release-macos-x86_64, r-release-windows-ix86+x86_64