CRAN Package Check Results for Package ipfp

Last updated on 2021-09-18 22:53:04 CEST.

Flavor Version Tinstall Tcheck Ttotal Status Flags
r-devel-linux-x86_64-debian-clang 1.0.1 2.52 19.44 21.96 OK
r-devel-linux-x86_64-debian-gcc 1.0.1 1.90 15.79 17.69 OK
r-devel-linux-x86_64-fedora-clang 1.0.1 36.49 NOTE
r-devel-linux-x86_64-fedora-gcc 1.0.1 25.49 NOTE
r-devel-windows-x86_64 1.0.1 4.00 32.00 36.00 OK
r-devel-windows-x86_64-gcc10-UCRT 1.0.1 OK
r-patched-linux-x86_64 1.0.1 2.23 19.20 21.43 OK
r-patched-solaris-x86 1.0.1 41.30 OK
r-release-linux-x86_64 1.0.1 2.07 19.32 21.39 OK
r-release-macos-arm64 1.0.1 OK
r-release-macos-x86_64 1.0.1 OK
r-release-windows-ix86+x86_64 1.0.1 7.00 30.00 37.00 OK
r-oldrel-macos-x86_64 1.0.1 OK
r-oldrel-windows-ix86+x86_64 1.0.1 6.00 31.00 37.00 OK

Check Details

Version: 1.0.1
Check: compiled code
Result: NOTE
    File ‘ipfp/libs/ipfp.so’:
     Found no calls to: ‘R_registerRoutines’, ‘R_useDynamicSymbols’
    
    It is good practice to register native routines and to disable symbol
    search.
    
    See ‘Writing portable packages’ in the ‘Writing R Extensions’ manual.
Flavors: r-devel-linux-x86_64-fedora-clang, r-devel-linux-x86_64-fedora-gcc