CRAN Package Check Results for Package ipft

Last updated on 2021-09-22 01:48:49 CEST.

Flavor Version Tinstall Tcheck Ttotal Status Flags
r-devel-linux-x86_64-debian-clang 0.7.2 28.75 116.28 145.03 OK
r-devel-linux-x86_64-debian-gcc 0.7.2 19.52 91.06 110.58 OK
r-devel-linux-x86_64-fedora-clang 0.7.2 184.76 OK
r-devel-linux-x86_64-fedora-gcc 0.7.2 173.83 OK
r-devel-windows-x86_64 0.7.2 27.00 111.00 138.00 OK
r-devel-windows-x86_64-gcc10-UCRT 0.7.2 ERROR
r-patched-linux-x86_64 0.7.2 23.71 113.02 136.73 OK
r-patched-solaris-x86 0.7.2 266.30 OK
r-release-linux-x86_64 0.7.2 24.13 112.53 136.66 OK
r-release-macos-arm64 0.7.2 OK
r-release-macos-x86_64 0.7.2 OK
r-release-windows-ix86+x86_64 0.7.2 65.00 240.00 305.00 OK
r-oldrel-macos-x86_64 0.7.2 OK
r-oldrel-windows-ix86+x86_64 0.7.2 65.00 245.00 310.00 OK

Check Details

Version: 0.7.2
Check: whether package can be installed
Result: ERROR
    Installation failed.
Flavor: r-devel-windows-x86_64-gcc10-UCRT