CRAN Package Check Results for Package irace

Last updated on 2022-01-26 18:49:16 CET.

Flavor Version Tinstall Tcheck Ttotal Status Flags
r-devel-linux-x86_64-debian-clang 3.4.1 9.65 102.80 112.45 NOTE
r-devel-linux-x86_64-debian-gcc 3.4.1 7.81 76.74 84.55 NOTE
r-devel-linux-x86_64-fedora-clang 3.4.1 145.13 NOTE
r-devel-linux-x86_64-fedora-gcc 3.4.1 132.93 NOTE
r-devel-windows-x86_64-new-UL 3.4.1 145.00 190.00 335.00 NOTE
r-devel-windows-x86_64-new-TK 3.4.1 NOTE
r-patched-linux-x86_64 3.4.1 9.63 97.82 107.45 NOTE
r-release-linux-x86_64 3.4.1 9.60 98.42 108.02 NOTE
r-release-macos-arm64 3.4.1 NOTE
r-release-macos-x86_64 3.4.1 NOTE
r-release-windows-ix86+x86_64 3.4.1 19.00 118.00 137.00 NOTE
r-oldrel-macos-x86_64 3.4.1 NOTE
r-oldrel-windows-ix86+x86_64 3.4.1 18.00 116.00 134.00 OK

Check Details

Version: 3.4.1
Check: LazyData
Result: NOTE
     'LazyData' is specified without a 'data' directory
Flavors: r-devel-linux-x86_64-debian-clang, r-devel-linux-x86_64-debian-gcc, r-devel-linux-x86_64-fedora-clang, r-devel-linux-x86_64-fedora-gcc, r-devel-windows-x86_64-new-UL, r-devel-windows-x86_64-new-TK, r-patched-linux-x86_64, r-release-linux-x86_64, r-release-macos-arm64, r-release-macos-x86_64, r-release-windows-ix86+x86_64

Version: 3.4.1
Check: package dependencies
Result: NOTE
    Package suggested but not available for checking: ‘Rmpi’
Flavors: r-release-macos-arm64, r-release-macos-x86_64, r-oldrel-macos-x86_64