CRAN Package Check Results for Package irace

Last updated on 2021-07-24 07:49:28 CEST.

Flavor Version Tinstall Tcheck Ttotal Status Flags
r-devel-linux-x86_64-debian-clang 3.4.1 9.24 103.62 112.86 NOTE
r-devel-linux-x86_64-debian-gcc 3.4.1 7.36 78.43 85.79 NOTE
r-devel-linux-x86_64-fedora-clang 3.4.1 146.25 NOTE
r-devel-linux-x86_64-fedora-gcc 3.4.1 131.50 NOTE
r-devel-windows-x86_64 3.4.1 11.00 91.00 102.00 NOTE
r-devel-windows-x86_64-gcc10-UCRT 3.4.1 NOTE
r-patched-linux-x86_64 3.4.1 11.79 100.53 112.32 NOTE
r-patched-solaris-x86 3.4.1 162.00 NOTE
r-release-linux-x86_64 3.4.1 8.89 98.71 107.60 NOTE
r-release-macos-arm64 3.4.1 NOTE
r-release-macos-x86_64 3.4.1 NOTE
r-release-windows-ix86+x86_64 3.4.1 19.00 86.00 105.00 NOTE
r-oldrel-macos-x86_64 3.4.1 NOTE
r-oldrel-windows-ix86+x86_64 3.4.1 41.00 115.00 156.00 OK

Check Details

Version: 3.4.1
Check: package dependencies
Result: NOTE
    Packages suggested but not available for checking: 'mlr', 'ParamHelpers'
Flavor: r-devel-linux-x86_64-debian-clang

Version: 3.4.1
Check: LazyData
Result: NOTE
     'LazyData' is specified without a 'data' directory
Flavors: r-devel-linux-x86_64-debian-clang, r-devel-linux-x86_64-debian-gcc, r-devel-linux-x86_64-fedora-clang, r-devel-linux-x86_64-fedora-gcc, r-devel-windows-x86_64, r-devel-windows-x86_64-gcc10-UCRT, r-patched-linux-x86_64, r-patched-solaris-x86, r-release-linux-x86_64, r-release-macos-arm64, r-release-macos-x86_64, r-release-windows-ix86+x86_64

Version: 3.4.1
Check: package dependencies
Result: NOTE
    Package suggested but not available for checking: ‘Rmpi’
Flavors: r-release-macos-arm64, r-release-macos-x86_64, r-oldrel-macos-x86_64