CRAN Package Check Results for Package irtGUI

Last updated on 2024-06-12 16:56:47 CEST.

Flavor Version Tinstall Tcheck Ttotal Status Flags
r-devel-linux-x86_64-debian-clang 0.2 13.37 97.84 111.21 NOTE
r-devel-linux-x86_64-debian-gcc 0.2 9.36 74.48 83.84 NOTE
r-devel-linux-x86_64-fedora-clang 0.2 132.29 NOTE
r-devel-linux-x86_64-fedora-gcc 0.2 127.31 NOTE
r-devel-windows-x86_64 0.2 10.00 83.00 93.00 NOTE
r-patched-linux-x86_64 0.2 13.46 94.97 108.43 NOTE
r-release-linux-x86_64 0.2 10.37 92.84 103.21 NOTE
r-release-macos-arm64 0.2 39.00 NOTE
r-release-macos-x86_64 0.2 61.00 NOTE
r-release-windows-x86_64 0.2 11.00 83.00 94.00 NOTE
r-oldrel-macos-arm64 0.2 43.00 NOTE
r-oldrel-macos-x86_64 0.2 71.00 NOTE
r-oldrel-windows-x86_64 0.2 15.00 104.00 119.00 NOTE

Check Details

Version: 0.2
Check: LazyData
Result: NOTE 'LazyData' is specified without a 'data' directory Flavors: r-devel-linux-x86_64-debian-clang, r-devel-linux-x86_64-debian-gcc, r-devel-linux-x86_64-fedora-clang, r-devel-linux-x86_64-fedora-gcc, r-devel-windows-x86_64, r-patched-linux-x86_64, r-release-linux-x86_64, r-release-macos-arm64, r-release-macos-x86_64, r-release-windows-x86_64, r-oldrel-macos-arm64, r-oldrel-macos-x86_64, r-oldrel-windows-x86_64