CRAN Package Check Results for Package isoSurv

Last updated on 2021-11-27 03:58:01 CET.

Flavor Version Tinstall Tcheck Ttotal Status Flags
r-devel-linux-x86_64-debian-clang 0.2.0 7.82 61.67 69.49 NOTE
r-devel-linux-x86_64-debian-gcc 0.2.0 6.10 48.82 54.92 NOTE
r-devel-linux-x86_64-fedora-clang 0.2.0 93.80 NOTE
r-devel-linux-x86_64-fedora-gcc 0.2.0 83.25 NOTE
r-devel-windows-x86_64-new-UL 0.2.0 14.00 103.00 117.00 NOTE
r-devel-windows-x86_64-new-TK 0.2.0 NOTE
r-devel-windows-x86_64-old 0.2.0 10.00 85.00 95.00 NOTE
r-patched-linux-x86_64 0.2.0 8.14 59.77 67.91 NOTE
r-patched-solaris-x86 0.2.0 119.60 NOTE
r-release-linux-x86_64 0.2.0 NOTE
r-release-macos-arm64 0.2.0 NOTE
r-release-macos-x86_64 0.2.0 NOTE
r-release-windows-ix86+x86_64 0.2.0 16.00 62.00 78.00 NOTE
r-oldrel-macos-x86_64 0.2.0 OK
r-oldrel-windows-ix86+x86_64 0.2.0 12.00 82.00 94.00 OK

Check Details

Version: 0.2.0
Check: LazyData
Result: NOTE
     'LazyData' is specified without a 'data' directory
Flavors: r-devel-linux-x86_64-debian-clang, r-devel-linux-x86_64-debian-gcc, r-devel-linux-x86_64-fedora-clang, r-devel-linux-x86_64-fedora-gcc, r-devel-windows-x86_64-new-UL, r-devel-windows-x86_64-new-TK, r-devel-windows-x86_64-old, r-patched-linux-x86_64, r-patched-solaris-x86, r-release-linux-x86_64, r-release-macos-arm64, r-release-macos-x86_64, r-release-windows-ix86+x86_64