CRAN Package Check Results for Package ivmte

Last updated on 2021-07-24 07:49:28 CEST.

Flavor Version Tinstall Tcheck Ttotal Status Flags
r-devel-linux-x86_64-debian-clang 1.2.0 13.70 88.90 102.60 NOTE --no-vignettes
r-devel-linux-x86_64-debian-gcc 1.2.0 11.20 65.68 76.88 NOTE --no-vignettes
r-devel-linux-x86_64-fedora-clang 1.2.0 132.54 NOTE --no-vignettes
r-devel-linux-x86_64-fedora-gcc 1.2.0 120.51 NOTE --no-vignettes
r-devel-windows-x86_64 1.2.0 19.00 76.00 95.00 NOTE --no-vignettes
r-devel-windows-x86_64-gcc10-UCRT 1.2.0 NOTE --no-vignettes
r-patched-linux-x86_64 1.2.0 13.59 83.79 97.38 NOTE --no-vignettes
r-patched-solaris-x86 1.2.0 146.80 NOTE --no-vignettes
r-release-linux-x86_64 1.2.0 12.75 84.47 97.22 NOTE --no-vignettes
r-release-macos-arm64 1.2.0 NOTE
r-release-macos-x86_64 1.2.0 NOTE
r-release-windows-ix86+x86_64 1.2.0 22.00 73.00 95.00 NOTE --no-vignettes
r-oldrel-macos-x86_64 1.2.0 NOTE
r-oldrel-windows-ix86+x86_64 1.2.0 51.00 115.00 166.00 NOTE --no-vignettes

Check Details

Version: 1.2.0
Flags: --no-vignettes
Check: package dependencies
Result: NOTE
    Package suggested but not available for checking: 'gurobi'
Flavors: r-devel-linux-x86_64-debian-clang, r-devel-linux-x86_64-debian-gcc, r-patched-linux-x86_64, r-release-linux-x86_64

Version: 1.2.0
Flags: --no-vignettes
Check: package dependencies
Result: NOTE
    Packages suggested but not available for checking: 'gurobi', 'cplexAPI'
Flavors: r-devel-linux-x86_64-fedora-clang, r-devel-linux-x86_64-fedora-gcc, r-devel-windows-x86_64, r-devel-windows-x86_64-gcc10-UCRT, r-patched-solaris-x86, r-release-windows-ix86+x86_64, r-oldrel-windows-ix86+x86_64

Version: 1.2.0
Check: package dependencies
Result: NOTE
    Packages suggested but not available for checking: 'gurobi', 'cplexAPI'
Flavors: r-release-macos-arm64, r-release-macos-x86_64, r-oldrel-macos-x86_64