CRAN Package Check Results for Package ivprobit

Last updated on 2021-10-19 22:53:59 CEST.

Flavor Version Tinstall Tcheck Ttotal Status Flags
r-devel-linux-x86_64-debian-clang 1.1 1.72 21.42 23.14 OK
r-devel-linux-x86_64-debian-gcc 1.1 1.53 16.30 17.83 OK
r-devel-linux-x86_64-fedora-clang 1.1 38.46 NOTE
r-devel-linux-x86_64-fedora-gcc 1.1 27.58 NOTE
r-devel-windows-x86_64 1.1 4.00 38.00 42.00 OK
r-devel-windows-x86_64-gcc10-UCRT 1.1 NOTE
r-patched-linux-x86_64 1.1 2.01 19.87 21.88 OK
r-patched-solaris-x86 1.1 43.80 NOTE
r-release-linux-x86_64 1.1 1.73 20.51 22.24 OK
r-release-macos-arm64 1.1 NOTE
r-release-macos-x86_64 1.1 NOTE
r-release-windows-ix86+x86_64 1.1 4.00 27.00 31.00 OK
r-oldrel-macos-x86_64 1.1 NOTE
r-oldrel-windows-ix86+x86_64 1.1 4.00 30.00 34.00 OK

Check Details

Version: 1.1
Check: dependencies in R code
Result: NOTE
    Namespace in Imports field not imported from: ‘methods’
     All declared Imports should be used.
Flavors: r-devel-linux-x86_64-fedora-clang, r-devel-linux-x86_64-fedora-gcc, r-devel-windows-x86_64-gcc10-UCRT, r-patched-solaris-x86, r-release-macos-arm64, r-release-macos-x86_64, r-oldrel-macos-x86_64