CRAN Package Check Results for Package janitor

Last updated on 2021-09-20 19:52:48 CEST.

Flavor Version Tinstall Tcheck Ttotal Status Flags
r-devel-linux-x86_64-debian-clang 2.1.0 7.57 87.95 95.52 NOTE
r-devel-linux-x86_64-debian-gcc 2.1.0 5.48 65.10 70.58 NOTE
r-devel-linux-x86_64-fedora-clang 2.1.0 120.62 NOTE
r-devel-linux-x86_64-fedora-gcc 2.1.0 108.68 NOTE
r-devel-windows-x86_64 2.1.0 8.00 89.00 97.00 WARN
r-devel-windows-x86_64-gcc10-UCRT 2.1.0 ERROR
r-patched-linux-x86_64 2.1.0 8.39 83.98 92.37 NOTE
r-patched-solaris-x86 2.1.0 153.20 NOTE
r-release-linux-x86_64 2.1.0 7.79 84.17 91.96 NOTE
r-release-macos-arm64 2.1.0 NOTE
r-release-macos-x86_64 2.1.0 NOTE
r-release-windows-ix86+x86_64 2.1.0 17.00 88.00 105.00 WARN
r-oldrel-macos-x86_64 2.1.0 OK
r-oldrel-windows-ix86+x86_64 2.1.0 17.00 85.00 102.00 WARN

Check Details

Version: 2.1.0
Check: LazyData
Result: NOTE
     'LazyData' is specified without a 'data' directory
Flavors: r-devel-linux-x86_64-debian-clang, r-devel-linux-x86_64-debian-gcc, r-devel-linux-x86_64-fedora-clang, r-devel-linux-x86_64-fedora-gcc, r-devel-windows-x86_64, r-devel-windows-x86_64-gcc10-UCRT, r-patched-linux-x86_64, r-patched-solaris-x86, r-release-linux-x86_64, r-release-macos-arm64, r-release-macos-x86_64, r-release-windows-ix86+x86_64

Version: 2.1.0
Check: re-building of vignette outputs
Result: WARN
    Error(s) in re-building vignettes:
    --- re-building 'janitor.Rmd' using rmarkdown
    
    Attaching package: 'janitor'
    
    The following objects are masked from 'package:stats':
    
     chisq.test, fisher.test
    
    pandoc.exe: Unknown extension: gfm_auto_identifiers
    Error: processing vignette 'janitor.Rmd' failed with diagnostics:
    pandoc document conversion failed with error 7
    --- failed re-building 'janitor.Rmd'
    
    --- re-building 'tabyls.Rmd' using rmarkdown
    
    Attaching package: 'dplyr'
    
    The following objects are masked from 'package:stats':
    
     filter, lag
    
    The following objects are masked from 'package:base':
    
     intersect, setdiff, setequal, union
    
    --- finished re-building 'tabyls.Rmd'
    
    SUMMARY: processing the following file failed:
     'janitor.Rmd'
    
    Error: Vignette re-building failed.
    Execution halted
Flavors: r-devel-windows-x86_64, r-release-windows-ix86+x86_64, r-oldrel-windows-ix86+x86_64

Version: 2.1.0
Check: whether package can be installed
Result: WARN
    Found the following significant warnings:
     WARNING: installation-time patches will not be applied, could not get the patches index
Flavor: r-devel-windows-x86_64-gcc10-UCRT

Version: 2.1.0
Check: PDF version of manual
Result: WARN
    LaTeX errors when creating PDF version.
    This typically indicates Rd problems.
Flavor: r-devel-windows-x86_64-gcc10-UCRT

Version: 2.1.0
Check: PDF version of manual without hyperrefs or index
Result: ERROR
    Re-running with no redirection of stdout/stderr.
Flavor: r-devel-windows-x86_64-gcc10-UCRT