CRAN Package Check Results for Package jarbes

Last updated on 2021-11-30 09:53:59 CET.

Flavor Version Tinstall Tcheck Ttotal Status Flags
r-devel-linux-x86_64-debian-clang 1.7.2 3.35 31.74 35.09 OK
r-devel-linux-x86_64-debian-gcc 1.7.2 2.70 25.41 28.11 OK
r-devel-linux-x86_64-fedora-clang 1.7.2 54.32 NOTE
r-devel-linux-x86_64-fedora-gcc 1.7.2 43.44 NOTE
r-devel-windows-x86_64-new-UL 1.7.2 11.00 72.00 83.00 OK
r-devel-windows-x86_64-new-TK 1.7.2 NOTE
r-devel-windows-x86_64-old 1.7.2 7.00 41.00 48.00 OK
r-patched-linux-x86_64 1.7.2 3.37 30.86 34.23 OK
r-patched-solaris-x86 1.7.2 67.30 NOTE
r-release-linux-x86_64 1.7.2 2.98 30.89 33.87 OK
r-release-macos-arm64 1.7.2 NOTE
r-release-macos-x86_64 1.7.2 NOTE
r-release-windows-ix86+x86_64 1.7.2 11.00 39.00 50.00 OK
r-oldrel-macos-x86_64 1.7.2 NOTE
r-oldrel-windows-ix86+x86_64 1.7.2 6.00 39.00 45.00 OK

Check Details

Version: 1.7.2
Check: dependencies in R code
Result: NOTE
    Namespaces in Imports field not imported from:
     ‘MASS’ ‘ggExtra’ ‘ggplot2’ ‘grid’ ‘gridExtra’ ‘mcmcplots’
     All declared Imports should be used.
Flavors: r-devel-linux-x86_64-fedora-clang, r-devel-linux-x86_64-fedora-gcc, r-devel-windows-x86_64-new-TK, r-patched-solaris-x86, r-release-macos-arm64, r-release-macos-x86_64, r-oldrel-macos-x86_64