CRAN Package Check Results for Package journalabbr

Last updated on 2021-09-27 16:50:18 CEST.

Flavor Version Tinstall Tcheck Ttotal Status Flags
r-devel-linux-x86_64-debian-clang 0.3.0 31.78 73.13 104.91 OK
r-devel-linux-x86_64-debian-gcc 0.3.0 29.11 56.58 85.69 OK
r-devel-linux-x86_64-fedora-clang 0.3.0 143.69 NOTE
r-devel-linux-x86_64-fedora-gcc 0.3.0 129.41 NOTE
r-devel-windows-x86_64 0.3.0 35.00 73.00 108.00 OK
r-devel-windows-x86_64-gcc10-UCRT 0.3.0 NOTE
r-patched-linux-x86_64 0.3.0 31.77 69.43 101.20 OK
r-patched-solaris-x86 0.3.0 233.00 NOTE
r-release-linux-x86_64 0.3.0 31.39 68.94 100.33 OK
r-release-macos-arm64 0.3.0 NOTE
r-release-macos-x86_64 0.3.0 NOTE
r-release-windows-ix86+x86_64 0.3.0 53.00 73.00 126.00 OK
r-oldrel-macos-x86_64 0.3.0 NOTE
r-oldrel-windows-ix86+x86_64 0.3.0 44.00 73.00 117.00 OK

Check Details

Version: 0.3.0
Check: dependencies in R code
Result: NOTE
    Namespaces in Imports field not imported from:
     ‘knitr’ ‘rmarkdown’
     All declared Imports should be used.
Flavors: r-devel-linux-x86_64-fedora-clang, r-devel-linux-x86_64-fedora-gcc, r-devel-windows-x86_64-gcc10-UCRT, r-patched-solaris-x86, r-release-macos-arm64, r-release-macos-x86_64, r-oldrel-macos-x86_64