CRAN Package Check Results for Package kantorovich

Last updated on 2021-07-25 04:52:30 CEST.

Flavor Version Tinstall Tcheck Ttotal Status Flags
r-devel-linux-x86_64-debian-clang 3.0.0 11.68 124.36 136.04 NOTE
r-devel-linux-x86_64-debian-gcc 3.0.0 9.54 95.45 104.99 NOTE
r-devel-linux-x86_64-fedora-clang 3.0.0 171.88 NOTE
r-devel-linux-x86_64-fedora-gcc 3.0.0 167.04 NOTE
r-devel-windows-x86_64 3.0.0 14.00 117.00 131.00 NOTE
r-devel-windows-x86_64-gcc10-UCRT 3.0.0 NOTE
r-patched-linux-x86_64 3.0.0 9.37 120.53 129.90 NOTE
r-patched-solaris-x86 3.0.0 233.30 NOTE
r-release-linux-x86_64 3.0.0 10.34 122.03 132.37 NOTE
r-release-macos-arm64 3.0.0 NOTE
r-release-macos-x86_64 3.0.0 NOTE
r-release-windows-ix86+x86_64 3.0.0 29.00 105.00 134.00 NOTE
r-oldrel-macos-x86_64 3.0.0 OK
r-oldrel-windows-ix86+x86_64 3.0.0 29.00 150.00 179.00 OK

Check Details

Version: 3.0.0
Check: LazyData
Result: NOTE
     'LazyData' is specified without a 'data' directory
Flavors: r-devel-linux-x86_64-debian-clang, r-devel-linux-x86_64-debian-gcc, r-devel-linux-x86_64-fedora-clang, r-devel-linux-x86_64-fedora-gcc, r-devel-windows-x86_64, r-devel-windows-x86_64-gcc10-UCRT, r-patched-linux-x86_64, r-patched-solaris-x86, r-release-linux-x86_64, r-release-macos-arm64, r-release-macos-x86_64, r-release-windows-ix86+x86_64