CRAN Package Check Results for Package kdevine

Last updated on 2021-09-21 07:50:14 CEST.

Flavor Version Tinstall Tcheck Ttotal Status Flags
r-devel-linux-x86_64-debian-clang 0.4.3 30.30 101.93 132.23 OK
r-devel-linux-x86_64-debian-gcc 0.4.3 20.41 77.18 97.59 OK
r-devel-linux-x86_64-fedora-clang 0.4.3 168.58 OK
r-devel-linux-x86_64-fedora-gcc 0.4.3 153.93 OK
r-devel-windows-x86_64 0.4.3 27.00 102.00 129.00 OK
r-devel-windows-x86_64-gcc10-UCRT 0.4.3 ERROR
r-patched-linux-x86_64 0.4.3 30.16 97.35 127.51 OK
r-patched-solaris-x86 0.4.3 224.00 OK
r-release-linux-x86_64 0.4.3 23.46 96.21 119.67 OK
r-release-macos-arm64 0.4.3 OK
r-release-macos-x86_64 0.4.3 OK
r-release-windows-ix86+x86_64 0.4.3 65.00 141.00 206.00 OK
r-oldrel-macos-x86_64 0.4.3 OK
r-oldrel-windows-ix86+x86_64 0.4.3 69.00 140.00 209.00 OK

Check Details

Version: 0.4.3
Check: whether package can be installed
Result: ERROR
    Installation failed.
Flavor: r-devel-windows-x86_64-gcc10-UCRT