CRAN Package Check Results for Package kedd

Last updated on 2021-09-18 22:53:05 CEST.

Flavor Version Tinstall Tcheck Ttotal Status Flags
r-devel-linux-x86_64-debian-clang 1.0.3 13.29 117.81 131.10 OK
r-devel-linux-x86_64-debian-gcc 1.0.3 10.19 84.90 95.09 OK
r-devel-linux-x86_64-fedora-clang 1.0.3 164.90 NOTE
r-devel-linux-x86_64-fedora-gcc 1.0.3 150.82 OK
r-devel-windows-x86_64 1.0.3 15.00 187.00 202.00 OK
r-devel-windows-x86_64-gcc10-UCRT 1.0.3 OK
r-patched-linux-x86_64 1.0.3 13.03 115.99 129.02 OK
r-patched-solaris-x86 1.0.3 284.20 OK
r-release-linux-x86_64 1.0.3 12.03 116.45 128.48 OK
r-release-macos-arm64 1.0.3 OK
r-release-macos-x86_64 1.0.3 OK
r-release-windows-ix86+x86_64 1.0.3 21.00 146.00 167.00 OK
r-oldrel-macos-x86_64 1.0.3 OK
r-oldrel-windows-ix86+x86_64 1.0.3 14.00 149.00 163.00 OK

Check Details

Version: 1.0.3
Check: Rd cross-references
Result: NOTE
    Undeclared packages ‘nor1mix’, ‘ks’, ‘sm’, ‘locfit’, ‘orthopolynom’ in Rd xrefs
Flavor: r-devel-linux-x86_64-fedora-clang