Last updated on 2023-09-30 10:57:10 CEST.
Flavor | Version | Tinstall | Tcheck | Ttotal | Status | Flags |
---|---|---|---|---|---|---|
r-devel-linux-x86_64-debian-clang | 2.13.0 | 24.20 | 233.53 | 257.73 | OK | |
r-devel-linux-x86_64-debian-gcc | 2.13.0 | 21.97 | 188.02 | 209.99 | OK | |
r-devel-linux-x86_64-fedora-clang | 2.13.0 | 358.06 | OK | |||
r-devel-linux-x86_64-fedora-gcc | 2.13.0 | 362.70 | OK | |||
r-devel-windows-x86_64 | 2.13.0 | 27.00 | 279.00 | 306.00 | OK | |
r-patched-linux-x86_64 | 2.13.0 | 46.25 | 242.83 | 289.08 | OK | |
r-release-linux-x86_64 | 2.13.0 | 24.75 | 239.32 | 264.07 | OK | |
r-release-macos-arm64 | 2.13.0 | 111.00 | OK | |||
r-release-macos-x86_64 | 2.13.0 | 171.00 | NOTE | |||
r-release-windows-x86_64 | 2.13.0 | 34.00 | 332.00 | 366.00 | OK | |
r-oldrel-macos-arm64 | 2.13.0 | 90.00 | OK | |||
r-oldrel-macos-x86_64 | 2.13.0 | 118.00 | OK | |||
r-oldrel-windows-x86_64 | 2.13.0 | 34.00 | 222.00 | 256.00 | OK |
Version: 2.13.0
Check: installed package size
Result: NOTE
installed size is 5.4Mb
sub-directories of 1Mb or more:
doc 2.0Mb
help 2.4Mb
Flavor: r-release-macos-x86_64