CRAN Package Check Results for Package kindisperse

Last updated on 2021-09-17 22:57:01 CEST.

Flavor Version Tinstall Tcheck Ttotal Status Flags
r-devel-linux-x86_64-debian-clang 0.10.2 13.87 123.75 137.62 OK
r-devel-linux-x86_64-debian-gcc 0.10.2 10.52 91.80 102.32 OK
r-devel-linux-x86_64-fedora-clang 0.10.2 167.16 NOTE
r-devel-linux-x86_64-fedora-gcc 0.10.2 154.88 NOTE
r-devel-windows-x86_64 0.10.2 15.00 168.00 183.00 OK
r-devel-windows-x86_64-gcc10-UCRT 0.10.2 NOTE
r-patched-linux-x86_64 0.10.2 13.92 116.25 130.17 OK
r-patched-solaris-x86 0.10.2 215.80 NOTE
r-release-linux-x86_64 0.10.2 10.37 116.29 126.66 OK
r-release-macos-arm64 0.10.2 NOTE
r-release-macos-x86_64 0.10.2 NOTE
r-release-windows-ix86+x86_64 0.10.2 27.00 126.00 153.00 OK
r-oldrel-macos-x86_64 0.10.2 NOTE
r-oldrel-windows-ix86+x86_64 0.10.2 27.00 132.00 159.00 OK

Check Details

Version: 0.10.2
Check: dependencies in R code
Result: NOTE
    Namespaces in Imports field not imported from:
     ‘fitdistrplus’ ‘plotly’
     All declared Imports should be used.
Flavors: r-devel-linux-x86_64-fedora-clang, r-devel-linux-x86_64-fedora-gcc, r-devel-windows-x86_64-gcc10-UCRT, r-patched-solaris-x86, r-release-macos-arm64, r-release-macos-x86_64, r-oldrel-macos-x86_64