CRAN Package Check Results for Package kmer

Last updated on 2021-09-26 01:49:55 CEST.

Flavor Version Tinstall Tcheck Ttotal Status Flags
r-devel-linux-x86_64-debian-clang 1.1.2 23.74 48.92 72.66 NOTE
r-devel-linux-x86_64-debian-gcc 1.1.2 15.09 35.99 51.08 NOTE
r-devel-linux-x86_64-fedora-clang 1.1.2 98.52 NOTE
r-devel-linux-x86_64-fedora-gcc 1.1.2 82.21 NOTE
r-devel-windows-x86_64 1.1.2 19.00 65.00 84.00 NOTE
r-devel-windows-x86_64-gcc10-UCRT 1.1.2 NOTE
r-patched-linux-x86_64 1.1.2 17.06 44.96 62.02 NOTE
r-patched-solaris-x86 1.1.2 112.00 NOTE
r-release-linux-x86_64 1.1.2 19.42 44.20 63.62 NOTE
r-release-macos-arm64 1.1.2 NOTE
r-release-macos-x86_64 1.1.2 NOTE
r-release-windows-ix86+x86_64 1.1.2 54.00 73.00 127.00 NOTE
r-oldrel-macos-x86_64 1.1.2 OK
r-oldrel-windows-ix86+x86_64 1.1.2 38.00 77.00 115.00 OK

Check Details

Version: 1.1.2
Check: LazyData
Result: NOTE
     'LazyData' is specified without a 'data' directory
Flavors: r-devel-linux-x86_64-debian-clang, r-devel-linux-x86_64-debian-gcc, r-devel-linux-x86_64-fedora-clang, r-devel-linux-x86_64-fedora-gcc, r-devel-windows-x86_64, r-devel-windows-x86_64-gcc10-UCRT, r-patched-linux-x86_64, r-patched-solaris-x86, r-release-linux-x86_64, r-release-macos-arm64, r-release-macos-x86_64, r-release-windows-ix86+x86_64