Last updated on 2023-12-10 21:49:17 CET.
Flavor | Version | Tinstall | Tcheck | Ttotal | Status | Flags |
---|---|---|---|---|---|---|
r-devel-linux-x86_64-debian-clang | 1.0.2 | 3.36 | 57.00 | 60.36 | NOTE | |
r-devel-linux-x86_64-debian-gcc | 1.0.2 | 2.89 | 44.01 | 46.90 | NOTE | |
r-devel-linux-x86_64-fedora-clang | 1.0.2 | 77.08 | NOTE | |||
r-devel-linux-x86_64-fedora-gcc | 1.0.2 | 87.44 | NOTE | |||
r-devel-windows-x86_64 | 1.0.2 | 5.00 | 66.00 | 71.00 | OK | |
r-patched-linux-x86_64 | 1.0.2 | 9.50 | 55.69 | 65.19 | NOTE | |
r-release-linux-x86_64 | 1.0.2 | 3.12 | 55.64 | 58.76 | NOTE | |
r-release-macos-arm64 | 1.0.2 | 41.00 | OK | |||
r-release-macos-x86_64 | 1.0.2 | 58.00 | OK | |||
r-release-windows-x86_64 | 1.0.2 | 6.00 | 72.00 | 78.00 | OK | |
r-oldrel-macos-arm64 | 1.0.2 | 26.00 | OK | |||
r-oldrel-macos-x86_64 | 1.0.2 | 41.00 | OK | |||
r-oldrel-windows-x86_64 | 1.0.2 | 6.00 | 79.00 | 85.00 | OK |
Version: 1.0.2
Check: package dependencies
Result: NOTE
Package suggested but not available for checking: ‘maptools’
Flavors: r-devel-linux-x86_64-debian-clang, r-devel-linux-x86_64-debian-gcc, r-devel-linux-x86_64-fedora-clang, r-devel-linux-x86_64-fedora-gcc, r-patched-linux-x86_64, r-release-linux-x86_64