CRAN Package Check Results for Package knockoff

Last updated on 2021-12-09 00:51:43 CET.

Flavor Version Tinstall Tcheck Ttotal Status Flags
r-devel-linux-x86_64-debian-clang 0.3.3 3.74 116.40 120.14 OK --no-vignettes
r-devel-linux-x86_64-debian-gcc 0.3.3 2.82 90.09 92.91 OK --no-vignettes
r-devel-linux-x86_64-fedora-clang 0.3.3 140.01 OK --no-vignettes
r-devel-linux-x86_64-fedora-gcc 0.3.3 133.86 OK --no-vignettes
r-devel-windows-x86_64-new-UL 0.3.3 11.00 187.00 198.00 NOTE --no-vignettes
r-devel-windows-x86_64-new-TK 0.3.3 NOTE --no-vignettes
r-devel-windows-x86_64-old 0.3.3 6.00 104.00 110.00 NOTE --no-vignettes
r-patched-linux-x86_64 0.3.3 3.49 111.46 114.95 OK --no-vignettes
r-release-linux-x86_64 0.3.3 3.76 112.88 116.64 OK --no-vignettes
r-release-macos-arm64 0.3.3 OK
r-release-macos-x86_64 0.3.3 OK
r-release-windows-ix86+x86_64 0.3.3 6.00 131.00 137.00 NOTE --no-vignettes
r-oldrel-macos-x86_64 0.3.3 OK
r-oldrel-windows-ix86+x86_64 0.3.3 9.00 92.00 101.00 NOTE --no-vignettes

Check Details

Version: 0.3.3
Flags: --no-vignettes
Check: package dependencies
Result: NOTE
    Package suggested but not available for checking: 'doMC'
Flavors: r-devel-windows-x86_64-new-UL, r-devel-windows-x86_64-new-TK, r-devel-windows-x86_64-old, r-release-windows-ix86+x86_64, r-oldrel-windows-ix86+x86_64