CRAN Package Check Results for Package ksNN

Last updated on 2021-09-20 22:55:32 CEST.

Flavor Version Tinstall Tcheck Ttotal Status Flags
r-devel-linux-x86_64-debian-clang 0.1.2 19.46 27.07 46.53 NOTE
r-devel-linux-x86_64-debian-gcc 0.1.2 12.71 21.33 34.04 NOTE
r-devel-linux-x86_64-fedora-clang 0.1.2 71.85 NOTE
r-devel-linux-x86_64-fedora-gcc 0.1.2 56.37 NOTE
r-devel-windows-x86_64 0.1.2 21.00 43.00 64.00 NOTE
r-devel-windows-x86_64-gcc10-UCRT 0.1.2 ERROR
r-patched-linux-x86_64 0.1.2 15.31 26.65 41.96 NOTE
r-patched-solaris-x86 0.1.2 68.90 NOTE
r-release-linux-x86_64 0.1.2 15.07 26.36 41.43 NOTE
r-release-macos-arm64 0.1.2 NOTE
r-release-macos-x86_64 0.1.2 NOTE
r-release-windows-ix86+x86_64 0.1.2 46.00 54.00 100.00 NOTE
r-oldrel-macos-x86_64 0.1.2 OK
r-oldrel-windows-ix86+x86_64 0.1.2 46.00 57.00 103.00 OK

Check Details

Version: 0.1.2
Check: LazyData
Result: NOTE
     'LazyData' is specified without a 'data' directory
Flavors: r-devel-linux-x86_64-debian-clang, r-devel-linux-x86_64-debian-gcc, r-devel-linux-x86_64-fedora-clang, r-devel-linux-x86_64-fedora-gcc, r-devel-windows-x86_64, r-patched-linux-x86_64, r-patched-solaris-x86, r-release-linux-x86_64, r-release-macos-arm64, r-release-macos-x86_64, r-release-windows-ix86+x86_64

Version: 0.1.2
Check: whether package can be installed
Result: ERROR
    Installation failed.
Flavor: r-devel-windows-x86_64-gcc10-UCRT