CRAN Package Check Results for Package l1ball

Last updated on 2021-11-30 06:49:28 CET.

Flavor Version Tinstall Tcheck Ttotal Status Flags
r-devel-linux-x86_64-debian-clang 0.1.0 3.30 41.32 44.62 NOTE
r-devel-linux-x86_64-debian-gcc 0.1.0 2.78 32.13 34.91 NOTE
r-devel-linux-x86_64-fedora-clang 0.1.0 68.55 NOTE
r-devel-linux-x86_64-fedora-gcc 0.1.0 54.96 NOTE
r-devel-windows-x86_64-new-UL 0.1.0 9.00 77.00 86.00 NOTE
r-devel-windows-x86_64-new-TK 0.1.0 NOTE
r-devel-windows-x86_64-old 0.1.0 7.00 47.00 54.00 NOTE
r-patched-linux-x86_64 0.1.0 3.28 40.50 43.78 NOTE
r-patched-solaris-x86 0.1.0 79.50 NOTE
r-release-linux-x86_64 0.1.0 3.20 40.65 43.85 NOTE
r-release-macos-arm64 0.1.0 NOTE
r-release-macos-x86_64 0.1.0 NOTE
r-release-windows-ix86+x86_64 0.1.0 9.00 47.00 56.00 NOTE
r-oldrel-macos-x86_64 0.1.0 OK
r-oldrel-windows-ix86+x86_64 0.1.0 8.00 57.00 65.00 OK

Check Details

Version: 0.1.0
Check: LazyData
Result: NOTE
     'LazyData' is specified without a 'data' directory
Flavors: r-devel-linux-x86_64-debian-clang, r-devel-linux-x86_64-debian-gcc, r-devel-linux-x86_64-fedora-clang, r-devel-linux-x86_64-fedora-gcc, r-devel-windows-x86_64-new-UL, r-devel-windows-x86_64-new-TK, r-devel-windows-x86_64-old, r-patched-linux-x86_64, r-patched-solaris-x86, r-release-linux-x86_64, r-release-macos-arm64, r-release-macos-x86_64, r-release-windows-ix86+x86_64