Last updated on 2023-12-08 09:52:16 CET.
Flavor | Version | Tinstall | Tcheck | Ttotal | Status | Flags |
---|---|---|---|---|---|---|
r-devel-linux-x86_64-debian-clang | 1.1.2 | 11.61 | 102.08 | 113.69 | NOTE | |
r-devel-linux-x86_64-debian-gcc | 1.1.2 | 8.75 | 78.92 | 87.67 | NOTE | |
r-devel-linux-x86_64-fedora-clang | 1.1.2 | 138.70 | OK | |||
r-devel-linux-x86_64-fedora-gcc | 1.1.2 | 136.43 | OK | |||
r-devel-windows-x86_64 | 1.1.2 | 10.00 | 100.00 | 110.00 | OK | |
r-patched-linux-x86_64 | 1.1.2 | 9.43 | 103.46 | 112.89 | OK | |
r-release-linux-x86_64 | 1.1.2 | 8.55 | 100.88 | 109.43 | OK | |
r-release-macos-arm64 | 1.1.2 | 47.00 | OK | |||
r-release-macos-x86_64 | 1.1.2 | 120.00 | OK | |||
r-release-windows-x86_64 | 1.1.2 | 13.00 | 116.00 | 129.00 | OK | |
r-oldrel-macos-arm64 | 1.1.2 | 50.00 | OK | |||
r-oldrel-macos-x86_64 | 1.1.2 | 68.00 | OK | |||
r-oldrel-windows-x86_64 | 1.1.2 | 11.00 | 117.00 | 128.00 | OK |
Version: 1.1.2
Check: Rd files
Result: NOTE
checkRd: (-1) DOS.Rd:34: Lost braces; missing escapes or markup?
34 | Band-specific sensor $G_{rescale}$ (gain). Require either gain and offset or Grescale and Brescale to convert DN to radiance.
| ^
checkRd: (-1) DOS.Rd:37: Lost braces; missing escapes or markup?
37 | Band-specific sensor $B_{rescale}$ (bias). Require either gain and offset or Grescale and Brescale to convert DN to radiance.
| ^
Flavors: r-devel-linux-x86_64-debian-clang, r-devel-linux-x86_64-debian-gcc