CRAN Package Check Results for Package landsepi

Last updated on 2024-02-22 21:51:43 CET.

Flavor Version Tinstall Tcheck Ttotal Status Flags
r-devel-linux-x86_64-debian-clang 1.3.0 OK
r-devel-linux-x86_64-debian-gcc 1.3.0 74.81 168.41 243.22 OK
r-devel-linux-x86_64-fedora-clang 1.3.0 434.84 OK
r-devel-linux-x86_64-fedora-gcc 1.3.0 433.37 OK
r-devel-windows-x86_64 1.3.0 73.00 234.00 307.00 NOTE
r-patched-linux-x86_64 1.3.0 71.63 221.42 293.05 OK
r-release-linux-x86_64 1.3.0 65.34 224.11 289.45 OK
r-release-macos-arm64 1.3.0 113.00 NOTE
r-release-macos-x86_64 1.3.0 259.00 NOTE
r-release-windows-x86_64 1.3.0 95.00 285.00 380.00 NOTE
r-oldrel-macos-arm64 1.3.0 121.00 NOTE
r-oldrel-windows-x86_64 1.3.0 90.00 263.00 353.00 NOTE

Check Details

Version: 1.3.0
Check: installed package size
Result: NOTE installed size is 5.6Mb sub-directories of 1Mb or more: doc 1.7Mb libs 1.7Mb Flavors: r-devel-windows-x86_64, r-release-macos-arm64, r-release-macos-x86_64, r-release-windows-x86_64, r-oldrel-macos-arm64, r-oldrel-windows-x86_64