CRAN Package Check Results for Package later

Last updated on 2021-09-20 04:58:19 CEST.

Flavor Version Tinstall Tcheck Ttotal Status Flags
r-devel-linux-x86_64-debian-clang 1.3.0 41.53 81.25 122.78 OK
r-devel-linux-x86_64-debian-gcc 1.3.0 27.54 51.45 78.99 OK
r-devel-linux-x86_64-fedora-clang 1.3.0 168.75 OK
r-devel-linux-x86_64-fedora-gcc 1.3.0 138.65 OK
r-devel-windows-x86_64 1.3.0 50.00 97.00 147.00 OK
r-devel-windows-x86_64-gcc10-UCRT 1.3.0 ERROR
r-patched-linux-x86_64 1.3.0 31.43 68.65 100.08 OK
r-patched-solaris-x86 1.3.0 187.60 OK
r-release-linux-x86_64 1.3.0 31.03 68.29 99.32 OK
r-release-macos-arm64 1.3.0 OK
r-release-macos-x86_64 1.3.0 OK
r-release-windows-ix86+x86_64 1.3.0 109.00 143.00 252.00 OK
r-oldrel-macos-x86_64 1.3.0 OK
r-oldrel-windows-ix86+x86_64 1.3.0 104.00 145.00 249.00 OK

Check Details

Version: 1.3.0
Check: whether package can be installed
Result: ERROR
    Installation failed.
Flavor: r-devel-windows-x86_64-gcc10-UCRT