CRAN Package Check Results for Package lazytrade

Last updated on 2021-09-17 22:57:01 CEST.

Flavor Version Tinstall Tcheck Ttotal Status Flags
r-devel-linux-x86_64-debian-clang 0.5.2 5.86 66.39 72.25 OK
r-devel-linux-x86_64-debian-gcc 0.5.2 5.28 49.12 54.40 OK
r-devel-linux-x86_64-fedora-clang 0.5.2 91.75 OK
r-devel-linux-x86_64-fedora-gcc 0.5.2 80.46 OK
r-devel-windows-x86_64 0.5.2 7.00 68.00 75.00 ERROR
r-devel-windows-x86_64-gcc10-UCRT 0.5.2 ERROR
r-patched-linux-x86_64 0.5.2 5.49 60.85 66.34 OK
r-patched-solaris-x86 0.5.2 115.40 OK
r-release-linux-x86_64 0.5.2 4.90 60.52 65.42 OK
r-release-macos-arm64 0.5.2 OK
r-release-macos-x86_64 0.5.2 OK
r-release-windows-ix86+x86_64 0.5.2 13.00 48.00 61.00 ERROR
r-oldrel-macos-x86_64 0.5.2 OK
r-oldrel-windows-ix86+x86_64 0.5.2 11.00 49.00 60.00 ERROR

Check Details

Version: 0.5.2
Check: examples
Result: ERROR
    Running examples in 'lazytrade-Ex.R' failed
    The error most likely occurred in:
    
    > ### Name: aml_consolidate_results
    > ### Title: Function to consolidate model test results
    > ### Aliases: aml_consolidate_results
    >
    > ### ** Examples
    >
    >
    >
    > library(dplyr)
    
    Attaching package: 'dplyr'
    
    The following objects are masked from 'package:stats':
    
     filter, lag
    
    The following objects are masked from 'package:base':
    
     intersect, setdiff, setequal, union
    
    > library(magrittr)
    > library(readr)
    > library(lazytrade)
    > library(stats)
    >
    > testpath <- normalizePath(tempdir(),winslash = "/")
    > path_model <- file.path(testpath, "_Model")
    > path_sbxm <- file.path(testpath, "_T1")
    > path_sbxs <- file.path(testpath, "_T3")
    > path_logs <- file.path(testpath, "_LOGS")
    > dir.create(path_model)
    > dir.create(path_sbxm)
    > dir.create(path_sbxs)
    > dir.create(path_logs)
    >
    > file.copy(from = system.file("extdata", "StrTest-EURGBPM15.csv", package = "lazytrade"),
    + to = file.path(path_model, "StrTest-EURGBPM15.csv"), overwrite = TRUE)
    [1] TRUE
    >
    > file.copy(from = system.file("extdata", "StrTest-EURJPYM15.csv", package = "lazytrade"),
    + to = file.path(path_model, "StrTest-EURJPYM15.csv"), overwrite = TRUE)
    [1] TRUE
    >
    > file.copy(from = system.file("extdata", "StrTest-EURNZDM15.csv", package = "lazytrade"),
    + to = file.path(path_model, "StrTest-EURNZDM15.csv"), overwrite = TRUE)
    [1] TRUE
    >
    > file.copy(from = system.file("extdata", "StrTest-EURUSDM15.csv", package = "lazytrade"),
    + to = file.path(path_model, "StrTest-EURUSDM15.csv"), overwrite = TRUE)
    [1] TRUE
    >
    > Pairs <- c("EURGBP","EURJPY","EURNZD","EURUSD")
    >
    > aml_consolidate_results(timeframe = 15,
    + used_symbols = Pairs,
    + path_model = path_model,
    + path_sbxm = path_sbxm,
    + path_sbxs = path_sbxs,
    + min_quality = 0.75,
    + get_quantile = FALSE)
    Rows: 1 Columns: 4
    -- Column specification --------------------------------------------------------
    Delimiter: ","
    chr (1): Symbol
    dbl (3): TR_Level, NB_hold, MaxPerf
    
    i Use `spec()` to retrieve the full column specification for this data.
    i Specify the column types or set `show_col_types = FALSE` to quiet this message.
    Rows: 1 Columns: 4
    -- Column specification --------------------------------------------------------
    Delimiter: ","
    chr (1): Symbol
    dbl (3): TR_Level, NB_hold, MaxPerf
    
    i Use `spec()` to retrieve the full column specification for this data.
    i Specify the column types or set `show_col_types = FALSE` to quiet this message.
    Rows: 1 Columns: 4
    -- Column specification --------------------------------------------------------
    Delimiter: ","
    chr (1): Symbol
    dbl (3): TR_Level, NB_hold, MaxPerf
    
    i Use `spec()` to retrieve the full column specification for this data.
    i Specify the column types or set `show_col_types = FALSE` to quiet this message.
    Rows: 1 Columns: 4
    -- Column specification --------------------------------------------------------
    Delimiter: ","
    chr (1): Symbol
    dbl (3): TR_Level, NB_hold, MaxPerf
    
    i Use `spec()` to retrieve the full column specification for this data.
    i Specify the column types or set `show_col_types = FALSE` to quiet this message.
    Rows: 1 Columns: 4
    -- Column specification --------------------------------------------------------
    Delimiter: ","
    chr (1): Symbol
    dbl (3): TR_Level, NB_hold, MaxPerf
    
    i Use `spec()` to retrieve the full column specification for this data.
    i Specify the column types or set `show_col_types = FALSE` to quiet this message.
    Rows: 1 Columns: 4
    -- Column specification --------------------------------------------------------
    Delimiter: ","
    chr (1): Symbol
    dbl (3): TR_Level, NB_hold, MaxPerf
    
    i Use `spec()` to retrieve the full column specification for this data.
    i Specify the column types or set `show_col_types = FALSE` to quiet this message.
    Rows: 1 Columns: 4
    -- Column specification --------------------------------------------------------
    Delimiter: ","
    chr (1): Symbol
    dbl (3): TR_Level, NB_hold, MaxPerf
    
    i Use `spec()` to retrieve the full column specification for this data.
    i Specify the column types or set `show_col_types = FALSE` to quiet this message.
    Rows: 1 Columns: 4
    -- Column specification --------------------------------------------------------
    Delimiter: ","
    chr (1): Symbol
    dbl (3): TR_Level, NB_hold, MaxPerf
    
    i Use `spec()` to retrieve the full column specification for this data.
    i Specify the column types or set `show_col_types = FALSE` to quiet this message.
    >
    >
    > aml_consolidate_results(timeframe = 15,
    + used_symbols = Pairs,
    + path_model = path_model,
    + path_sbxm = path_sbxm,
    + path_sbxs = path_sbxs,
    + min_quality = 0.75,
    + get_quantile = TRUE)
    Rows: 1 Columns: 5
    -- Column specification --------------------------------------------------------
    Delimiter: ","
    chr (1): Symbol
    dbl (4): TR_Level, NB_hold, MaxPerf, FrstQntlPerf
    
    i Use `spec()` to retrieve the full column specification for this data.
    i Specify the column types or set `show_col_types = FALSE` to quiet this message.
    Rows: 1 Columns: 5
    -- Column specification --------------------------------------------------------
    Delimiter: ","
    chr (1): Symbol
    dbl (4): TR_Level, NB_hold, MaxPerf, FrstQntlPerf
    
    i Use `spec()` to retrieve the full column specification for this data.
    i Specify the column types or set `show_col_types = FALSE` to quiet this message.
    Rows: 1 Columns: 5
    -- Column specification --------------------------------------------------------
    Delimiter: ","
    chr (1): Symbol
    dbl (4): TR_Level, NB_hold, MaxPerf, FrstQntlPerf
    
    i Use `spec()` to retrieve the full column specification for this data.
    i Specify the column types or set `show_col_types = FALSE` to quiet this message.
    Rows: 1 Columns: 5
    -- Column specification --------------------------------------------------------
    Delimiter: ","
    chr (1): Symbol
    dbl (4): TR_Level, NB_hold, MaxPerf, FrstQntlPerf
    
    i Use `spec()` to retrieve the full column specification for this data.
    i Specify the column types or set `show_col_types = FALSE` to quiet this message.
    [1] 377.25
    >
    >
    > aml_consolidate_results(timeframe = 15,
    + used_symbols = Pairs,
    + path_model = path_model,
    + path_sbxm = path_sbxm,
    + path_sbxs = path_sbxs,
    + min_quality = 0.75,
    + get_quantile = FALSE,
    + log_results = TRUE,
    + path_logs = path_logs)
    Rows: 1 Columns: 5
    -- Column specification --------------------------------------------------------
    Delimiter: ","
    chr (1): Symbol
    dbl (4): TR_Level, NB_hold, MaxPerf, FrstQntlPerf
    
    i Use `spec()` to retrieve the full column specification for this data.
    i Specify the column types or set `show_col_types = FALSE` to quiet this message.
    Rows: 1 Columns: 5
    -- Column specification --------------------------------------------------------
    Delimiter: ","
    chr (1): Symbol
    dbl (4): TR_Level, NB_hold, MaxPerf, FrstQntlPerf
    
    i Use `spec()` to retrieve the full column specification for this data.
    i Specify the column types or set `show_col_types = FALSE` to quiet this message.
    Rows: 1 Columns: 5
    -- Column specification --------------------------------------------------------
    Delimiter: ","
    chr (1): Symbol
    dbl (4): TR_Level, NB_hold, MaxPerf, FrstQntlPerf
    
    i Use `spec()` to retrieve the full column specification for this data.
    i Specify the column types or set `show_col_types = FALSE` to quiet this message.
    Rows: 1 Columns: 5
    -- Column specification --------------------------------------------------------
    Delimiter: ","
    chr (1): Symbol
    dbl (4): TR_Level, NB_hold, MaxPerf, FrstQntlPerf
    
    i Use `spec()` to retrieve the full column specification for this data.
    i Specify the column types or set `show_col_types = FALSE` to quiet this message.
    Rows: 1 Columns: 5
    -- Column specification --------------------------------------------------------
    Delimiter: ","
    chr (1): Symbol
    dbl (4): TR_Level, NB_hold, MaxPerf, FrstQntlPerf
    
    i Use `spec()` to retrieve the full column specification for this data.
    i Specify the column types or set `show_col_types = FALSE` to quiet this message.
    Error: Cannot open file for writing:
    * 'D:\temp\RtmpIhDt0X\_Model\StrTest-EURGBPM15.csv'
    Execution halted
Flavor: r-devel-windows-x86_64

Version: 0.5.2
Check: examples
Result: ERROR
    Running examples in 'lazytrade-Ex.R' failed
    The error most likely occurred in:
    
    > ### Name: aml_consolidate_results
    > ### Title: Function to consolidate model test results
    > ### Aliases: aml_consolidate_results
    >
    > ### ** Examples
    >
    >
    >
    > library(dplyr)
    
    Attaching package: 'dplyr'
    
    The following objects are masked from 'package:stats':
    
     filter, lag
    
    The following objects are masked from 'package:base':
    
     intersect, setdiff, setequal, union
    
    > library(magrittr)
    > library(readr)
    > library(lazytrade)
    > library(stats)
    >
    > testpath <- normalizePath(tempdir(),winslash = "/")
    > path_model <- file.path(testpath, "_Model")
    > path_sbxm <- file.path(testpath, "_T1")
    > path_sbxs <- file.path(testpath, "_T3")
    > path_logs <- file.path(testpath, "_LOGS")
    > dir.create(path_model)
    > dir.create(path_sbxm)
    > dir.create(path_sbxs)
    > dir.create(path_logs)
    >
    > file.copy(from = system.file("extdata", "StrTest-EURGBPM15.csv", package = "lazytrade"),
    + to = file.path(path_model, "StrTest-EURGBPM15.csv"), overwrite = TRUE)
    [1] TRUE
    >
    > file.copy(from = system.file("extdata", "StrTest-EURJPYM15.csv", package = "lazytrade"),
    + to = file.path(path_model, "StrTest-EURJPYM15.csv"), overwrite = TRUE)
    [1] TRUE
    >
    > file.copy(from = system.file("extdata", "StrTest-EURNZDM15.csv", package = "lazytrade"),
    + to = file.path(path_model, "StrTest-EURNZDM15.csv"), overwrite = TRUE)
    [1] TRUE
    >
    > file.copy(from = system.file("extdata", "StrTest-EURUSDM15.csv", package = "lazytrade"),
    + to = file.path(path_model, "StrTest-EURUSDM15.csv"), overwrite = TRUE)
    [1] TRUE
    >
    > Pairs <- c("EURGBP","EURJPY","EURNZD","EURUSD")
    >
    > aml_consolidate_results(timeframe = 15,
    + used_symbols = Pairs,
    + path_model = path_model,
    + path_sbxm = path_sbxm,
    + path_sbxs = path_sbxs,
    + min_quality = 0.75,
    + get_quantile = FALSE)
    Rows: 1 Columns: 4
    ── Column specification ────────────────────────────────────────────────────────
    Delimiter: ","
    chr (1): Symbol
    dbl (3): TR_Level, NB_hold, MaxPerf
    
    ℹ Use `spec()` to retrieve the full column specification for this data.
    ℹ Specify the column types or set `show_col_types = FALSE` to quiet this message.
    Rows: 1 Columns: 4
    ── Column specification ────────────────────────────────────────────────────────
    Delimiter: ","
    chr (1): Symbol
    dbl (3): TR_Level, NB_hold, MaxPerf
    
    ℹ Use `spec()` to retrieve the full column specification for this data.
    ℹ Specify the column types or set `show_col_types = FALSE` to quiet this message.
    Rows: 1 Columns: 4
    ── Column specification ────────────────────────────────────────────────────────
    Delimiter: ","
    chr (1): Symbol
    dbl (3): TR_Level, NB_hold, MaxPerf
    
    ℹ Use `spec()` to retrieve the full column specification for this data.
    ℹ Specify the column types or set `show_col_types = FALSE` to quiet this message.
    Rows: 1 Columns: 4
    ── Column specification ────────────────────────────────────────────────────────
    Delimiter: ","
    chr (1): Symbol
    dbl (3): TR_Level, NB_hold, MaxPerf
    
    ℹ Use `spec()` to retrieve the full column specification for this data.
    ℹ Specify the column types or set `show_col_types = FALSE` to quiet this message.
    Rows: 1 Columns: 4
    ── Column specification ────────────────────────────────────────────────────────
    Delimiter: ","
    chr (1): Symbol
    dbl (3): TR_Level, NB_hold, MaxPerf
    
    ℹ Use `spec()` to retrieve the full column specification for this data.
    ℹ Specify the column types or set `show_col_types = FALSE` to quiet this message.
    Rows: 1 Columns: 4
    ── Column specification ────────────────────────────────────────────────────────
    Delimiter: ","
    chr (1): Symbol
    dbl (3): TR_Level, NB_hold, MaxPerf
    
    ℹ Use `spec()` to retrieve the full column specification for this data.
    ℹ Specify the column types or set `show_col_types = FALSE` to quiet this message.
    Rows: 1 Columns: 4
    ── Column specification ────────────────────────────────────────────────────────
    Delimiter: ","
    chr (1): Symbol
    dbl (3): TR_Level, NB_hold, MaxPerf
    
    ℹ Use `spec()` to retrieve the full column specification for this data.
    ℹ Specify the column types or set `show_col_types = FALSE` to quiet this message.
    Rows: 1 Columns: 4
    ── Column specification ────────────────────────────────────────────────────────
    Delimiter: ","
    chr (1): Symbol
    dbl (3): TR_Level, NB_hold, MaxPerf
    
    ℹ Use `spec()` to retrieve the full column specification for this data.
    ℹ Specify the column types or set `show_col_types = FALSE` to quiet this message.
    >
    >
    > aml_consolidate_results(timeframe = 15,
    + used_symbols = Pairs,
    + path_model = path_model,
    + path_sbxm = path_sbxm,
    + path_sbxs = path_sbxs,
    + min_quality = 0.75,
    + get_quantile = TRUE)
    Rows: 1 Columns: 5
    ── Column specification ────────────────────────────────────────────────────────
    Delimiter: ","
    chr (1): Symbol
    dbl (4): TR_Level, NB_hold, MaxPerf, FrstQntlPerf
    
    ℹ Use `spec()` to retrieve the full column specification for this data.
    ℹ Specify the column types or set `show_col_types = FALSE` to quiet this message.
    Rows: 1 Columns: 5
    ── Column specification ────────────────────────────────────────────────────────
    Delimiter: ","
    chr (1): Symbol
    dbl (4): TR_Level, NB_hold, MaxPerf, FrstQntlPerf
    
    ℹ Use `spec()` to retrieve the full column specification for this data.
    ℹ Specify the column types or set `show_col_types = FALSE` to quiet this message.
    Rows: 1 Columns: 5
    ── Column specification ────────────────────────────────────────────────────────
    Delimiter: ","
    chr (1): Symbol
    dbl (4): TR_Level, NB_hold, MaxPerf, FrstQntlPerf
    
    ℹ Use `spec()` to retrieve the full column specification for this data.
    ℹ Specify the column types or set `show_col_types = FALSE` to quiet this message.
    Rows: 1 Columns: 5
    ── Column specification ────────────────────────────────────────────────────────
    Delimiter: ","
    chr (1): Symbol
    dbl (4): TR_Level, NB_hold, MaxPerf, FrstQntlPerf
    
    ℹ Use `spec()` to retrieve the full column specification for this data.
    ℹ Specify the column types or set `show_col_types = FALSE` to quiet this message.
    [1] 377.25
    >
    >
    > aml_consolidate_results(timeframe = 15,
    + used_symbols = Pairs,
    + path_model = path_model,
    + path_sbxm = path_sbxm,
    + path_sbxs = path_sbxs,
    + min_quality = 0.75,
    + get_quantile = FALSE,
    + log_results = TRUE,
    + path_logs = path_logs)
    Rows: 1 Columns: 5
    ── Column specification ────────────────────────────────────────────────────────
    Delimiter: ","
    chr (1): Symbol
    dbl (4): TR_Level, NB_hold, MaxPerf, FrstQntlPerf
    
    ℹ Use `spec()` to retrieve the full column specification for this data.
    ℹ Specify the column types or set `show_col_types = FALSE` to quiet this message.
    Rows: 1 Columns: 5
    ── Column specification ────────────────────────────────────────────────────────
    Delimiter: ","
    chr (1): Symbol
    dbl (4): TR_Level, NB_hold, MaxPerf, FrstQntlPerf
    
    ℹ Use `spec()` to retrieve the full column specification for this data.
    ℹ Specify the column types or set `show_col_types = FALSE` to quiet this message.
    Rows: 1 Columns: 5
    ── Column specification ────────────────────────────────────────────────────────
    Delimiter: ","
    chr (1): Symbol
    dbl (4): TR_Level, NB_hold, MaxPerf, FrstQntlPerf
    
    ℹ Use `spec()` to retrieve the full column specification for this data.
    ℹ Specify the column types or set `show_col_types = FALSE` to quiet this message.
    Rows: 1 Columns: 5
    ── Column specification ────────────────────────────────────────────────────────
    Delimiter: ","
    chr (1): Symbol
    dbl (4): TR_Level, NB_hold, MaxPerf, FrstQntlPerf
    
    ℹ Use `spec()` to retrieve the full column specification for this data.
    ℹ Specify the column types or set `show_col_types = FALSE` to quiet this message.
    Rows: 1 Columns: 5
    ── Column specification ────────────────────────────────────────────────────────
    Delimiter: ","
    chr (1): Symbol
    dbl (4): TR_Level, NB_hold, MaxPerf, FrstQntlPerf
    
    ℹ Use `spec()` to retrieve the full column specification for this data.
    ℹ Specify the column types or set `show_col_types = FALSE` to quiet this message.
    Error: Cannot open file for writing:
    * 'C:\msys64\home\tomas\ucrt3\svn\ucrt3\r_packages\pkgcheck\CRAN\lazytrade\tmp\RtmpimYcgo\_Model\StrTest-EURGBPM15.csv'
    Execution halted
Flavor: r-devel-windows-x86_64-gcc10-UCRT

Version: 0.5.2
Check: examples
Result: ERROR
    Running examples in 'lazytrade-Ex.R' failed
    The error most likely occurred in:
    
    > ### Name: aml_consolidate_results
    > ### Title: Function to consolidate model test results
    > ### Aliases: aml_consolidate_results
    >
    > ### ** Examples
    >
    >
    >
    > library(dplyr)
    
    Attaching package: 'dplyr'
    
    The following objects are masked from 'package:stats':
    
     filter, lag
    
    The following objects are masked from 'package:base':
    
     intersect, setdiff, setequal, union
    
    > library(magrittr)
    > library(readr)
    > library(lazytrade)
    > library(stats)
    >
    > testpath <- normalizePath(tempdir(),winslash = "/")
    > path_model <- file.path(testpath, "_Model")
    > path_sbxm <- file.path(testpath, "_T1")
    > path_sbxs <- file.path(testpath, "_T3")
    > path_logs <- file.path(testpath, "_LOGS")
    > dir.create(path_model)
    > dir.create(path_sbxm)
    > dir.create(path_sbxs)
    > dir.create(path_logs)
    >
    > file.copy(from = system.file("extdata", "StrTest-EURGBPM15.csv", package = "lazytrade"),
    + to = file.path(path_model, "StrTest-EURGBPM15.csv"), overwrite = TRUE)
    [1] TRUE
    >
    > file.copy(from = system.file("extdata", "StrTest-EURJPYM15.csv", package = "lazytrade"),
    + to = file.path(path_model, "StrTest-EURJPYM15.csv"), overwrite = TRUE)
    [1] TRUE
    >
    > file.copy(from = system.file("extdata", "StrTest-EURNZDM15.csv", package = "lazytrade"),
    + to = file.path(path_model, "StrTest-EURNZDM15.csv"), overwrite = TRUE)
    [1] TRUE
    >
    > file.copy(from = system.file("extdata", "StrTest-EURUSDM15.csv", package = "lazytrade"),
    + to = file.path(path_model, "StrTest-EURUSDM15.csv"), overwrite = TRUE)
    [1] TRUE
    >
    > Pairs <- c("EURGBP","EURJPY","EURNZD","EURUSD")
    >
    > aml_consolidate_results(timeframe = 15,
    + used_symbols = Pairs,
    + path_model = path_model,
    + path_sbxm = path_sbxm,
    + path_sbxs = path_sbxs,
    + min_quality = 0.75,
    + get_quantile = FALSE)
    Rows: 1 Columns: 4
    -- Column specification --------------------------------------------------------
    Delimiter: ","
    chr (1): Symbol
    dbl (3): TR_Level, NB_hold, MaxPerf
    
    i Use `spec()` to retrieve the full column specification for this data.
    i Specify the column types or set `show_col_types = FALSE` to quiet this message.
    Rows: 1 Columns: 4
    -- Column specification --------------------------------------------------------
    Delimiter: ","
    chr (1): Symbol
    dbl (3): TR_Level, NB_hold, MaxPerf
    
    i Use `spec()` to retrieve the full column specification for this data.
    i Specify the column types or set `show_col_types = FALSE` to quiet this message.
    Rows: 1 Columns: 4
    -- Column specification --------------------------------------------------------
    Delimiter: ","
    chr (1): Symbol
    dbl (3): TR_Level, NB_hold, MaxPerf
    
    i Use `spec()` to retrieve the full column specification for this data.
    i Specify the column types or set `show_col_types = FALSE` to quiet this message.
    Rows: 1 Columns: 4
    -- Column specification --------------------------------------------------------
    Delimiter: ","
    chr (1): Symbol
    dbl (3): TR_Level, NB_hold, MaxPerf
    
    i Use `spec()` to retrieve the full column specification for this data.
    i Specify the column types or set `show_col_types = FALSE` to quiet this message.
    Rows: 1 Columns: 4
    -- Column specification --------------------------------------------------------
    Delimiter: ","
    chr (1): Symbol
    dbl (3): TR_Level, NB_hold, MaxPerf
    
    i Use `spec()` to retrieve the full column specification for this data.
    i Specify the column types or set `show_col_types = FALSE` to quiet this message.
    Rows: 1 Columns: 4
    -- Column specification --------------------------------------------------------
    Delimiter: ","
    chr (1): Symbol
    dbl (3): TR_Level, NB_hold, MaxPerf
    
    i Use `spec()` to retrieve the full column specification for this data.
    i Specify the column types or set `show_col_types = FALSE` to quiet this message.
    Rows: 1 Columns: 4
    -- Column specification --------------------------------------------------------
    Delimiter: ","
    chr (1): Symbol
    dbl (3): TR_Level, NB_hold, MaxPerf
    
    i Use `spec()` to retrieve the full column specification for this data.
    i Specify the column types or set `show_col_types = FALSE` to quiet this message.
    Rows: 1 Columns: 4
    -- Column specification --------------------------------------------------------
    Delimiter: ","
    chr (1): Symbol
    dbl (3): TR_Level, NB_hold, MaxPerf
    
    i Use `spec()` to retrieve the full column specification for this data.
    i Specify the column types or set `show_col_types = FALSE` to quiet this message.
    >
    >
    > aml_consolidate_results(timeframe = 15,
    + used_symbols = Pairs,
    + path_model = path_model,
    + path_sbxm = path_sbxm,
    + path_sbxs = path_sbxs,
    + min_quality = 0.75,
    + get_quantile = TRUE)
    Rows: 1 Columns: 5
    -- Column specification --------------------------------------------------------
    Delimiter: ","
    chr (1): Symbol
    dbl (4): TR_Level, NB_hold, MaxPerf, FrstQntlPerf
    
    i Use `spec()` to retrieve the full column specification for this data.
    i Specify the column types or set `show_col_types = FALSE` to quiet this message.
    Rows: 1 Columns: 5
    -- Column specification --------------------------------------------------------
    Delimiter: ","
    chr (1): Symbol
    dbl (4): TR_Level, NB_hold, MaxPerf, FrstQntlPerf
    
    i Use `spec()` to retrieve the full column specification for this data.
    i Specify the column types or set `show_col_types = FALSE` to quiet this message.
    Rows: 1 Columns: 5
    -- Column specification --------------------------------------------------------
    Delimiter: ","
    chr (1): Symbol
    dbl (4): TR_Level, NB_hold, MaxPerf, FrstQntlPerf
    
    i Use `spec()` to retrieve the full column specification for this data.
    i Specify the column types or set `show_col_types = FALSE` to quiet this message.
    Rows: 1 Columns: 5
    -- Column specification --------------------------------------------------------
    Delimiter: ","
    chr (1): Symbol
    dbl (4): TR_Level, NB_hold, MaxPerf, FrstQntlPerf
    
    i Use `spec()` to retrieve the full column specification for this data.
    i Specify the column types or set `show_col_types = FALSE` to quiet this message.
    [1] 377.25
    >
    >
    > aml_consolidate_results(timeframe = 15,
    + used_symbols = Pairs,
    + path_model = path_model,
    + path_sbxm = path_sbxm,
    + path_sbxs = path_sbxs,
    + min_quality = 0.75,
    + get_quantile = FALSE,
    + log_results = TRUE,
    + path_logs = path_logs)
    Rows: 1 Columns: 5
    -- Column specification --------------------------------------------------------
    Delimiter: ","
    chr (1): Symbol
    dbl (4): TR_Level, NB_hold, MaxPerf, FrstQntlPerf
    
    i Use `spec()` to retrieve the full column specification for this data.
    i Specify the column types or set `show_col_types = FALSE` to quiet this message.
    Rows: 1 Columns: 5
    -- Column specification --------------------------------------------------------
    Delimiter: ","
    chr (1): Symbol
    dbl (4): TR_Level, NB_hold, MaxPerf, FrstQntlPerf
    
    i Use `spec()` to retrieve the full column specification for this data.
    i Specify the column types or set `show_col_types = FALSE` to quiet this message.
    Rows: 1 Columns: 5
    -- Column specification --------------------------------------------------------
    Delimiter: ","
    chr (1): Symbol
    dbl (4): TR_Level, NB_hold, MaxPerf, FrstQntlPerf
    
    i Use `spec()` to retrieve the full column specification for this data.
    i Specify the column types or set `show_col_types = FALSE` to quiet this message.
    Rows: 1 Columns: 5
    -- Column specification --------------------------------------------------------
    Delimiter: ","
    chr (1): Symbol
    dbl (4): TR_Level, NB_hold, MaxPerf, FrstQntlPerf
    
    i Use `spec()` to retrieve the full column specification for this data.
    i Specify the column types or set `show_col_types = FALSE` to quiet this message.
    Rows: 1 Columns: 5
    -- Column specification --------------------------------------------------------
    Delimiter: ","
    chr (1): Symbol
    dbl (4): TR_Level, NB_hold, MaxPerf, FrstQntlPerf
    
    i Use `spec()` to retrieve the full column specification for this data.
    i Specify the column types or set `show_col_types = FALSE` to quiet this message.
    Error: Cannot open file for writing:
    * 'D:\temp\RtmpYRhCQa\_Model\StrTest-EURGBPM15.csv'
    Execution halted
Flavor: r-release-windows-ix86+x86_64

Version: 0.5.2
Check: examples
Result: ERROR
    Running examples in 'lazytrade-Ex.R' failed
    The error most likely occurred in:
    
    > ### Name: aml_consolidate_results
    > ### Title: Function to consolidate model test results
    > ### Aliases: aml_consolidate_results
    >
    > ### ** Examples
    >
    >
    >
    > library(dplyr)
    
    Attaching package: 'dplyr'
    
    The following objects are masked from 'package:stats':
    
     filter, lag
    
    The following objects are masked from 'package:base':
    
     intersect, setdiff, setequal, union
    
    > library(magrittr)
    > library(readr)
    > library(lazytrade)
    > library(stats)
    >
    > testpath <- normalizePath(tempdir(),winslash = "/")
    > path_model <- file.path(testpath, "_Model")
    > path_sbxm <- file.path(testpath, "_T1")
    > path_sbxs <- file.path(testpath, "_T3")
    > path_logs <- file.path(testpath, "_LOGS")
    > dir.create(path_model)
    > dir.create(path_sbxm)
    > dir.create(path_sbxs)
    > dir.create(path_logs)
    >
    > file.copy(from = system.file("extdata", "StrTest-EURGBPM15.csv", package = "lazytrade"),
    + to = file.path(path_model, "StrTest-EURGBPM15.csv"), overwrite = TRUE)
    [1] TRUE
    >
    > file.copy(from = system.file("extdata", "StrTest-EURJPYM15.csv", package = "lazytrade"),
    + to = file.path(path_model, "StrTest-EURJPYM15.csv"), overwrite = TRUE)
    [1] TRUE
    >
    > file.copy(from = system.file("extdata", "StrTest-EURNZDM15.csv", package = "lazytrade"),
    + to = file.path(path_model, "StrTest-EURNZDM15.csv"), overwrite = TRUE)
    [1] TRUE
    >
    > file.copy(from = system.file("extdata", "StrTest-EURUSDM15.csv", package = "lazytrade"),
    + to = file.path(path_model, "StrTest-EURUSDM15.csv"), overwrite = TRUE)
    [1] TRUE
    >
    > Pairs <- c("EURGBP","EURJPY","EURNZD","EURUSD")
    >
    > aml_consolidate_results(timeframe = 15,
    + used_symbols = Pairs,
    + path_model = path_model,
    + path_sbxm = path_sbxm,
    + path_sbxs = path_sbxs,
    + min_quality = 0.75,
    + get_quantile = FALSE)
    Rows: 1 Columns: 4
    -- Column specification --------------------------------------------------------
    Delimiter: ","
    chr (1): Symbol
    dbl (3): TR_Level, NB_hold, MaxPerf
    
    i Use `spec()` to retrieve the full column specification for this data.
    i Specify the column types or set `show_col_types = FALSE` to quiet this message.
    Rows: 1 Columns: 4
    -- Column specification --------------------------------------------------------
    Delimiter: ","
    chr (1): Symbol
    dbl (3): TR_Level, NB_hold, MaxPerf
    
    i Use `spec()` to retrieve the full column specification for this data.
    i Specify the column types or set `show_col_types = FALSE` to quiet this message.
    Rows: 1 Columns: 4
    -- Column specification --------------------------------------------------------
    Delimiter: ","
    chr (1): Symbol
    dbl (3): TR_Level, NB_hold, MaxPerf
    
    i Use `spec()` to retrieve the full column specification for this data.
    i Specify the column types or set `show_col_types = FALSE` to quiet this message.
    Rows: 1 Columns: 4
    -- Column specification --------------------------------------------------------
    Delimiter: ","
    chr (1): Symbol
    dbl (3): TR_Level, NB_hold, MaxPerf
    
    i Use `spec()` to retrieve the full column specification for this data.
    i Specify the column types or set `show_col_types = FALSE` to quiet this message.
    Rows: 1 Columns: 4
    -- Column specification --------------------------------------------------------
    Delimiter: ","
    chr (1): Symbol
    dbl (3): TR_Level, NB_hold, MaxPerf
    
    i Use `spec()` to retrieve the full column specification for this data.
    i Specify the column types or set `show_col_types = FALSE` to quiet this message.
    Rows: 1 Columns: 4
    -- Column specification --------------------------------------------------------
    Delimiter: ","
    chr (1): Symbol
    dbl (3): TR_Level, NB_hold, MaxPerf
    
    i Use `spec()` to retrieve the full column specification for this data.
    i Specify the column types or set `show_col_types = FALSE` to quiet this message.
    Rows: 1 Columns: 4
    -- Column specification --------------------------------------------------------
    Delimiter: ","
    chr (1): Symbol
    dbl (3): TR_Level, NB_hold, MaxPerf
    
    i Use `spec()` to retrieve the full column specification for this data.
    i Specify the column types or set `show_col_types = FALSE` to quiet this message.
    Rows: 1 Columns: 4
    -- Column specification --------------------------------------------------------
    Delimiter: ","
    chr (1): Symbol
    dbl (3): TR_Level, NB_hold, MaxPerf
    
    i Use `spec()` to retrieve the full column specification for this data.
    i Specify the column types or set `show_col_types = FALSE` to quiet this message.
    >
    >
    > aml_consolidate_results(timeframe = 15,
    + used_symbols = Pairs,
    + path_model = path_model,
    + path_sbxm = path_sbxm,
    + path_sbxs = path_sbxs,
    + min_quality = 0.75,
    + get_quantile = TRUE)
    Rows: 1 Columns: 5
    -- Column specification --------------------------------------------------------
    Delimiter: ","
    chr (1): Symbol
    dbl (4): TR_Level, NB_hold, MaxPerf, FrstQntlPerf
    
    i Use `spec()` to retrieve the full column specification for this data.
    i Specify the column types or set `show_col_types = FALSE` to quiet this message.
    Rows: 1 Columns: 5
    -- Column specification --------------------------------------------------------
    Delimiter: ","
    chr (1): Symbol
    dbl (4): TR_Level, NB_hold, MaxPerf, FrstQntlPerf
    
    i Use `spec()` to retrieve the full column specification for this data.
    i Specify the column types or set `show_col_types = FALSE` to quiet this message.
    Rows: 1 Columns: 5
    -- Column specification --------------------------------------------------------
    Delimiter: ","
    chr (1): Symbol
    dbl (4): TR_Level, NB_hold, MaxPerf, FrstQntlPerf
    
    i Use `spec()` to retrieve the full column specification for this data.
    i Specify the column types or set `show_col_types = FALSE` to quiet this message.
    Rows: 1 Columns: 5
    -- Column specification --------------------------------------------------------
    Delimiter: ","
    chr (1): Symbol
    dbl (4): TR_Level, NB_hold, MaxPerf, FrstQntlPerf
    
    i Use `spec()` to retrieve the full column specification for this data.
    i Specify the column types or set `show_col_types = FALSE` to quiet this message.
    [1] 377.25
    >
    >
    > aml_consolidate_results(timeframe = 15,
    + used_symbols = Pairs,
    + path_model = path_model,
    + path_sbxm = path_sbxm,
    + path_sbxs = path_sbxs,
    + min_quality = 0.75,
    + get_quantile = FALSE,
    + log_results = TRUE,
    + path_logs = path_logs)
    Rows: 1 Columns: 5
    -- Column specification --------------------------------------------------------
    Delimiter: ","
    chr (1): Symbol
    dbl (4): TR_Level, NB_hold, MaxPerf, FrstQntlPerf
    
    i Use `spec()` to retrieve the full column specification for this data.
    i Specify the column types or set `show_col_types = FALSE` to quiet this message.
    Rows: 1 Columns: 5
    -- Column specification --------------------------------------------------------
    Delimiter: ","
    chr (1): Symbol
    dbl (4): TR_Level, NB_hold, MaxPerf, FrstQntlPerf
    
    i Use `spec()` to retrieve the full column specification for this data.
    i Specify the column types or set `show_col_types = FALSE` to quiet this message.
    Rows: 1 Columns: 5
    -- Column specification --------------------------------------------------------
    Delimiter: ","
    chr (1): Symbol
    dbl (4): TR_Level, NB_hold, MaxPerf, FrstQntlPerf
    
    i Use `spec()` to retrieve the full column specification for this data.
    i Specify the column types or set `show_col_types = FALSE` to quiet this message.
    Rows: 1 Columns: 5
    -- Column specification --------------------------------------------------------
    Delimiter: ","
    chr (1): Symbol
    dbl (4): TR_Level, NB_hold, MaxPerf, FrstQntlPerf
    
    i Use `spec()` to retrieve the full column specification for this data.
    i Specify the column types or set `show_col_types = FALSE` to quiet this message.
    Rows: 1 Columns: 5
    -- Column specification --------------------------------------------------------
    Delimiter: ","
    chr (1): Symbol
    dbl (4): TR_Level, NB_hold, MaxPerf, FrstQntlPerf
    
    i Use `spec()` to retrieve the full column specification for this data.
    i Specify the column types or set `show_col_types = FALSE` to quiet this message.
    Error: Cannot open file for writing:
    * 'D:\temp\RtmpIDkXJk\_Model\StrTest-EURGBPM15.csv'
    Execution halted
Flavor: r-oldrel-windows-ix86+x86_64