CRAN Package Check Results for Package ldatuning

Last updated on 2021-11-28 06:48:43 CET.

Flavor Version Tinstall Tcheck Ttotal Status Flags
r-devel-linux-x86_64-debian-clang 1.0.2 NOTE
r-devel-linux-x86_64-debian-gcc 1.0.2 4.13 49.75 53.88 NOTE
r-devel-linux-x86_64-fedora-clang 1.0.2 97.21 NOTE
r-devel-linux-x86_64-fedora-gcc 1.0.2 83.08 NOTE
r-devel-windows-x86_64-new-UL 1.0.2 15.00 119.00 134.00 NOTE
r-devel-windows-x86_64-new-TK 1.0.2 NOTE
r-devel-windows-x86_64-old 1.0.2 8.00 104.00 112.00 NOTE
r-patched-linux-x86_64 1.0.2 9.66 59.77 69.43 NOTE
r-patched-solaris-x86 1.0.2 113.90 NOTE
r-release-linux-x86_64 1.0.2 5.08 59.75 64.83 NOTE
r-release-macos-arm64 1.0.2 NOTE
r-release-macos-x86_64 1.0.2 NOTE
r-release-windows-ix86+x86_64 1.0.2 15.00 70.00 85.00 NOTE
r-oldrel-macos-x86_64 1.0.2 OK
r-oldrel-windows-ix86+x86_64 1.0.2 16.00 100.00 116.00 OK

Check Details

Version: 1.0.2
Check: LazyData
Result: NOTE
     'LazyData' is specified without a 'data' directory
Flavors: r-devel-linux-x86_64-debian-clang, r-devel-linux-x86_64-debian-gcc, r-devel-linux-x86_64-fedora-clang, r-devel-linux-x86_64-fedora-gcc, r-devel-windows-x86_64-new-UL, r-devel-windows-x86_64-new-TK, r-devel-windows-x86_64-old, r-patched-linux-x86_64, r-patched-solaris-x86, r-release-linux-x86_64, r-release-macos-arm64, r-release-macos-x86_64, r-release-windows-ix86+x86_64

Version: 1.0.2
Check: Rd cross-references
Result: NOTE
    Undeclared package ‘tm’ in Rd xrefs
Flavor: r-devel-linux-x86_64-fedora-clang