CRAN Package Check Results for Package leaflet.extras2

Last updated on 2024-07-21 16:52:14 CEST.

Flavor Version Tinstall Tcheck Ttotal Status Flags
r-devel-linux-x86_64-debian-clang 1.2.2 5.69 64.40 70.09 OK
r-devel-linux-x86_64-debian-gcc 1.2.2 4.37 48.11 52.48 NOTE
r-devel-linux-x86_64-fedora-clang 1.2.2 91.28 OK
r-devel-linux-x86_64-fedora-gcc 1.2.2 86.38 OK
r-devel-windows-x86_64 1.2.2 7.00 87.00 94.00 NOTE
r-patched-linux-x86_64 1.2.2 11.46 59.81 71.27 OK
r-release-linux-x86_64 1.2.2 4.88 60.70 65.58 OK
r-release-macos-arm64 1.2.2 29.00 OK
r-release-macos-x86_64 1.2.2 45.00 OK
r-release-windows-x86_64 1.2.2 7.00 89.00 96.00 OK
r-oldrel-macos-arm64 1.2.2 27.00 OK
r-oldrel-macos-x86_64 1.2.2 54.00 OK
r-oldrel-windows-x86_64 1.2.2 9.00 94.00 103.00 OK

Check Details

Version: 1.2.2
Check: Rd cross-references
Result: NOTE Found the following Rd file(s) with Rd \link{} targets missing package anchors: addTangram.Rd: clearGroup, addLayersControl Please provide package anchors for all Rd \link{} targets not in the package itself and the base packages. Flavors: r-devel-linux-x86_64-debian-gcc, r-devel-windows-x86_64