CRAN Package Check Results for Package leaflet

Last updated on 2021-10-24 22:50:25 CEST.

Flavor Version Tinstall Tcheck Ttotal Status Flags
r-devel-linux-x86_64-debian-clang 2.0.4.1 5.71 57.99 63.70 OK
r-devel-linux-x86_64-debian-gcc 2.0.4.1 4.85 43.42 48.27 OK
r-devel-linux-x86_64-fedora-clang 2.0.4.1 85.76 OK
r-devel-linux-x86_64-fedora-gcc 2.0.4.1 74.73 OK
r-devel-windows-x86_64 2.0.4.1 11.00 80.00 91.00 OK
r-devel-windows-x86_64-gcc10-UCRT 2.0.4.1 OK
r-patched-linux-x86_64 2.0.4.1 13.18 56.63 69.81 OK
r-patched-solaris-x86 2.0.4.1 108.30 NOTE
r-release-linux-x86_64 2.0.4.1 5.77 56.80 62.57 OK
r-release-macos-arm64 2.0.4.1 OK
r-release-macos-x86_64 2.0.4.1 OK
r-release-windows-ix86+x86_64 2.0.4.1 9.00 79.00 88.00 OK
r-oldrel-macos-x86_64 2.0.4.1 OK
r-oldrel-windows-ix86+x86_64 2.0.4.1 12.00 82.00 94.00 OK

Check Details

Version: 2.0.4.1
Check: installed package size
Result: NOTE
     installed size is 5.5Mb
     sub-directories of 1Mb or more:
     htmlwidgets 3.9Mb
Flavor: r-patched-solaris-x86