CRAN Package Check Results for Package leaflet.opacity

Last updated on 2021-12-05 09:50:00 CET.

Flavor Version Tinstall Tcheck Ttotal Status Flags
r-devel-linux-x86_64-debian-clang 0.1.0 2.39 51.04 53.43 NOTE
r-devel-linux-x86_64-debian-gcc 0.1.0 1.64 39.73 41.37 NOTE
r-devel-linux-x86_64-fedora-clang 0.1.0 63.79 NOTE
r-devel-linux-x86_64-fedora-gcc 0.1.0 53.86 NOTE
r-devel-windows-x86_64-new-UL 0.1.0 8.00 88.00 96.00 NOTE
r-devel-windows-x86_64-new-TK 0.1.0 NOTE
r-devel-windows-x86_64-old 0.1.0 4.00 51.00 55.00 NOTE
r-patched-linux-x86_64 0.1.0 2.26 41.32 43.58 NOTE
r-release-linux-x86_64 0.1.0 2.28 49.39 51.67 NOTE
r-release-macos-arm64 0.1.0 NOTE
r-release-macos-x86_64 0.1.0 NOTE
r-release-windows-ix86+x86_64 0.1.0 6.00 68.00 74.00 NOTE
r-oldrel-macos-x86_64 0.1.0 OK
r-oldrel-windows-ix86+x86_64 0.1.0 5.00 73.00 78.00 OK

Check Details

Version: 0.1.0
Check: LazyData
Result: NOTE
     'LazyData' is specified without a 'data' directory
Flavors: r-devel-linux-x86_64-debian-clang, r-devel-linux-x86_64-debian-gcc, r-devel-linux-x86_64-fedora-clang, r-devel-linux-x86_64-fedora-gcc, r-devel-windows-x86_64-new-UL, r-devel-windows-x86_64-new-TK, r-devel-windows-x86_64-old, r-patched-linux-x86_64, r-release-linux-x86_64, r-release-macos-arm64, r-release-macos-x86_64, r-release-windows-ix86+x86_64