CRAN Package Check Results for Package leaflet.providers

Last updated on 2021-12-05 12:51:17 CET.

Flavor Version Tinstall Tcheck Ttotal Status Flags
r-devel-linux-x86_64-debian-clang 1.9.0 1.97 29.27 31.24 NOTE
r-devel-linux-x86_64-debian-gcc 1.9.0 1.44 23.70 25.14 NOTE
r-devel-linux-x86_64-fedora-clang 1.9.0 40.17 NOTE
r-devel-linux-x86_64-fedora-gcc 1.9.0 28.40 NOTE
r-devel-windows-x86_64-new-UL 1.9.0 6.00 58.00 64.00 NOTE
r-devel-windows-x86_64-new-TK 1.9.0 NOTE
r-devel-windows-x86_64-old 1.9.0 5.00 31.00 36.00 NOTE
r-patched-linux-x86_64 1.9.0 1.74 20.22 21.96 NOTE
r-release-linux-x86_64 1.9.0 1.71 28.44 30.15 NOTE
r-release-macos-arm64 1.9.0 NOTE
r-release-macos-x86_64 1.9.0 NOTE
r-release-windows-ix86+x86_64 1.9.0 5.00 37.00 42.00 NOTE
r-oldrel-macos-x86_64 1.9.0 OK
r-oldrel-windows-ix86+x86_64 1.9.0 17.00 37.00 54.00 OK

Check Details

Version: 1.9.0
Check: LazyData
Result: NOTE
     'LazyData' is specified without a 'data' directory
Flavors: r-devel-linux-x86_64-debian-clang, r-devel-linux-x86_64-debian-gcc, r-devel-linux-x86_64-fedora-clang, r-devel-linux-x86_64-fedora-gcc, r-devel-windows-x86_64-new-UL, r-devel-windows-x86_64-new-TK, r-devel-windows-x86_64-old, r-patched-linux-x86_64, r-release-linux-x86_64, r-release-macos-arm64, r-release-macos-x86_64, r-release-windows-ix86+x86_64