CRAN Package Check Results for Package lgarch

Last updated on 2021-12-02 15:52:43 CET.

Flavor Version Tinstall Tcheck Ttotal Status Flags
r-devel-linux-x86_64-debian-clang 0.6-2 5.32 34.90 40.22 OK
r-devel-linux-x86_64-debian-gcc 0.6-2 3.97 27.92 31.89 OK
r-devel-linux-x86_64-fedora-clang 0.6-2 58.94 NOTE
r-devel-linux-x86_64-fedora-gcc 0.6-2 48.19 NOTE
r-devel-windows-x86_64-new-UL 0.6-2 12.00 72.00 84.00 OK
r-devel-windows-x86_64-new-TK 0.6-2 OK
r-devel-windows-x86_64-old 0.6-2 8.00 40.00 48.00 OK
r-patched-linux-x86_64 0.6-2 5.75 33.51 39.26 OK
r-patched-solaris-x86 0.6-2 68.50 OK
r-release-linux-x86_64 0.6-2 4.23 33.49 37.72 OK
r-release-macos-arm64 0.6-2 OK
r-release-macos-x86_64 0.6-2 OK
r-release-windows-ix86+x86_64 0.6-2 11.00 64.00 75.00 OK
r-oldrel-macos-x86_64 0.6-2 OK
r-oldrel-windows-ix86+x86_64 0.6-2 11.00 63.00 74.00 OK

Check Details

Version: 0.6-2
Check: compiled code
Result: NOTE
    File ‘lgarch/libs/lgarch.so’:
     Found no calls to: ‘R_registerRoutines’, ‘R_useDynamicSymbols’
    
    It is good practice to register native routines and to disable symbol
    search.
    
    See ‘Writing portable packages’ in the ‘Writing R Extensions’ manual.
Flavors: r-devel-linux-x86_64-fedora-clang, r-devel-linux-x86_64-fedora-gcc