CRAN Package Check Results for Package lgpr

Last updated on 2021-10-15 22:54:19 CEST.

Flavor Version Tinstall Tcheck Ttotal Status Flags
r-devel-linux-x86_64-debian-clang 1.1.5 436.37 209.06 645.43 NOTE
r-devel-linux-x86_64-debian-gcc 1.1.5 365.34 176.08 541.42 NOTE
r-devel-linux-x86_64-fedora-clang 1.1.5 957.98 NOTE
r-devel-linux-x86_64-fedora-gcc 1.1.5 1009.99 NOTE
r-devel-windows-x86_64 1.1.5 399.00 238.00 637.00 NOTE
r-devel-windows-x86_64-gcc10-UCRT 1.1.5 NOTE
r-patched-linux-x86_64 1.1.5 416.18 226.45 642.63 NOTE
r-patched-solaris-x86 1.1.5 786.00 NOTE
r-release-linux-x86_64 1.1.5 393.49 225.46 618.95 NOTE
r-release-macos-arm64 1.1.5 NOTE
r-release-macos-x86_64 1.1.5 NOTE
r-release-windows-ix86+x86_64 1.1.5 997.00 517.00 1514.00 NOTE
r-oldrel-macos-x86_64 1.1.5 ERROR
r-oldrel-windows-ix86+x86_64 1.1.5 995.00 524.00 1519.00 NOTE

Check Details

Version: 1.1.5
Check: for GNU extensions in Makefiles
Result: NOTE
    GNU make is a SystemRequirements.
Flavors: r-devel-linux-x86_64-debian-clang, r-devel-linux-x86_64-debian-gcc, r-devel-linux-x86_64-fedora-clang, r-devel-linux-x86_64-fedora-gcc, r-devel-windows-x86_64, r-devel-windows-x86_64-gcc10-UCRT, r-patched-linux-x86_64, r-patched-solaris-x86, r-release-linux-x86_64, r-release-macos-arm64, r-release-macos-x86_64, r-release-windows-ix86+x86_64, r-oldrel-windows-ix86+x86_64

Version: 1.1.5
Check: installed package size
Result: NOTE
     installed size is 65.0Mb
     sub-directories of 1Mb or more:
     libs 63.8Mb
Flavors: r-devel-linux-x86_64-fedora-clang, r-patched-solaris-x86, r-release-macos-arm64, r-release-macos-x86_64, r-release-windows-ix86+x86_64, r-oldrel-windows-ix86+x86_64

Version: 1.1.5
Check: package dependencies
Result: ERROR
    Packages required and available but unsuitable versions: 'rstan', 'rstan'
    
    See section ‘The DESCRIPTION file’ in the ‘Writing R Extensions’
    manual.
Flavor: r-oldrel-macos-x86_64