CRAN Package Check Results for Package lhs

Last updated on 2021-09-20 19:52:50 CEST.

Flavor Version Tinstall Tcheck Ttotal Status Flags
r-devel-linux-x86_64-debian-clang 1.1.3 189.84 73.95 263.79 OK
r-devel-linux-x86_64-debian-gcc 1.1.3 109.64 58.05 167.69 OK
r-devel-linux-x86_64-fedora-clang 1.1.3 408.78 OK
r-devel-linux-x86_64-fedora-gcc 1.1.3 309.62 OK
r-devel-windows-x86_64 1.1.3 174.00 81.00 255.00 OK
r-devel-windows-x86_64-gcc10-UCRT 1.1.3 ERROR
r-patched-linux-x86_64 1.1.3 142.27 70.78 213.05 OK
r-patched-solaris-x86 1.1.3 292.80 OK
r-release-linux-x86_64 1.1.3 136.95 71.97 208.92 OK
r-release-macos-arm64 1.1.3 OK
r-release-macos-x86_64 1.1.3 OK
r-release-windows-ix86+x86_64 1.1.3 407.00 114.00 521.00 OK
r-oldrel-macos-x86_64 1.1.3 OK
r-oldrel-windows-ix86+x86_64 1.1.3 414.00 161.00 575.00 OK

Check Details

Version: 1.1.3
Check: whether package can be installed
Result: ERROR
    Installation failed.
Flavor: r-devel-windows-x86_64-gcc10-UCRT