CRAN Package Check Results for Package libbib

Last updated on 2021-10-20 04:55:24 CEST.

Flavor Version Tinstall Tcheck Ttotal Status Flags
r-devel-linux-x86_64-debian-clang 1.6.2 5.26 48.81 54.07 OK
r-devel-linux-x86_64-debian-gcc 1.6.2 4.22 36.94 41.16 OK
r-devel-linux-x86_64-fedora-clang 1.6.2 74.70 NOTE
r-devel-linux-x86_64-fedora-gcc 1.6.2 63.11 NOTE
r-devel-windows-x86_64 1.6.2 9.00 72.00 81.00 OK
r-devel-windows-x86_64-gcc10-UCRT 1.6.2 NOTE
r-patched-linux-x86_64 1.6.2 6.03 46.18 52.21 OK
r-patched-solaris-x86 1.6.2 88.60 NOTE
r-release-linux-x86_64 1.6.2 4.92 46.30 51.22 OK
r-release-macos-arm64 1.6.2 NOTE
r-release-macos-x86_64 1.6.2 NOTE
r-release-windows-ix86+x86_64 1.6.2 8.00 72.00 80.00 OK
r-oldrel-macos-x86_64 1.6.2 NOTE
r-oldrel-windows-ix86+x86_64 1.6.2 11.00 84.00 95.00 OK

Check Details

Version: 1.6.2
Check: data for non-ASCII characters
Result: NOTE
     Note: found 22 marked UTF-8 strings
Flavors: r-devel-linux-x86_64-fedora-clang, r-devel-linux-x86_64-fedora-gcc, r-devel-windows-x86_64-gcc10-UCRT, r-patched-solaris-x86, r-release-macos-arm64, r-release-macos-x86_64, r-oldrel-macos-x86_64