Last updated on 2025-01-22 09:49:38 CET.
Flavor | Version | Tinstall | Tcheck | Ttotal | Status | Flags |
---|---|---|---|---|---|---|
r-devel-linux-x86_64-debian-clang | 4.1.2 | 130.92 | 422.79 | 553.71 | OK | |
r-devel-linux-x86_64-debian-gcc | 4.1.2 | 86.91 | 268.68 | 355.59 | OK | |
r-devel-linux-x86_64-fedora-clang | 4.1.2 | 928.03 | OK | |||
r-devel-linux-x86_64-fedora-gcc | 4.1.2 | 948.10 | OK | |||
r-devel-windows-x86_64 | 4.1.2 | 113.00 | 386.00 | 499.00 | OK | |
r-patched-linux-x86_64 | 4.1.2 | 125.71 | 386.10 | 511.81 | OK | |
r-release-linux-x86_64 | 4.1.2 | 129.22 | 393.89 | 523.11 | OK | |
r-release-macos-arm64 | 4.1.2 | 237.00 | NOTE | |||
r-release-macos-x86_64 | 4.1.2 | 605.00 | NOTE | |||
r-release-windows-x86_64 | 4.1.2 | 120.00 | 385.00 | 505.00 | NOTE | |
r-oldrel-macos-arm64 | 4.1.2 | 251.00 | NOTE | |||
r-oldrel-macos-x86_64 | 4.1.2 | 534.00 | NOTE | |||
r-oldrel-windows-x86_64 | 4.1.2 | 141.00 | 500.00 | 641.00 | NOTE |
Version: 4.1.2
Check: installed package size
Result: NOTE
installed size is 12.8Mb
sub-directories of 1Mb or more:
R 2.0Mb
doc 1.0Mb
extdata 1.2Mb
libs 8.0Mb
Flavors: r-release-macos-arm64, r-release-macos-x86_64, r-release-windows-x86_64, r-oldrel-macos-arm64, r-oldrel-macos-x86_64, r-oldrel-windows-x86_64