CRAN Package Check Results for Package liger

Last updated on 2021-09-26 04:50:35 CEST.

Flavor Version Tinstall Tcheck Ttotal Status Flags
r-devel-linux-x86_64-debian-clang 2.0.1 39.40 148.51 187.91 OK
r-devel-linux-x86_64-debian-gcc 2.0.1 24.50 98.81 123.31 OK
r-devel-linux-x86_64-fedora-clang 2.0.1 239.11 NOTE
r-devel-linux-x86_64-fedora-gcc 2.0.1 208.95 OK
r-devel-windows-x86_64 2.0.1 34.00 147.00 181.00 NOTE
r-devel-windows-x86_64-gcc10-UCRT 2.0.1 OK
r-patched-linux-x86_64 2.0.1 31.05 135.47 166.52 OK
r-patched-solaris-x86 2.0.1 129.80 NOTE
r-release-linux-x86_64 2.0.1 30.85 135.66 166.51 OK
r-release-macos-arm64 2.0.1 NOTE
r-release-macos-x86_64 2.0.1 NOTE
r-release-windows-ix86+x86_64 2.0.1 84.00 156.00 240.00 NOTE
r-oldrel-macos-x86_64 2.0.1 NOTE
r-oldrel-windows-ix86+x86_64 2.0.1 64.00 163.00 227.00 NOTE

Check Details

Version: 2.0.1
Check: installed package size
Result: NOTE
     installed size is 6.6Mb
     sub-directories of 1Mb or more:
     data 3.3Mb
     doc 2.1Mb
     libs 1.0Mb
Flavors: r-devel-linux-x86_64-fedora-clang, r-devel-windows-x86_64, r-patched-solaris-x86, r-release-macos-arm64, r-release-macos-x86_64, r-release-windows-ix86+x86_64, r-oldrel-macos-x86_64, r-oldrel-windows-ix86+x86_64