CRAN Package Check Results for Package lillies

Last updated on 2021-09-23 22:55:58 CEST.

Flavor Version Tinstall Tcheck Ttotal Status Flags
r-devel-linux-x86_64-debian-clang 0.2.9 5.31 79.79 85.10 OK
r-devel-linux-x86_64-debian-gcc 0.2.9 4.04 61.58 65.62 OK
r-devel-linux-x86_64-fedora-clang 0.2.9 108.89 NOTE
r-devel-linux-x86_64-fedora-gcc 0.2.9 100.26 NOTE
r-devel-windows-x86_64 0.2.9 7.00 80.00 87.00 OK
r-devel-windows-x86_64-gcc10-UCRT 0.2.9 NOTE
r-patched-linux-x86_64 0.2.9 5.87 77.14 83.01 OK
r-patched-solaris-x86 0.2.9 144.60 NOTE
r-release-linux-x86_64 0.2.9 4.99 79.24 84.23 OK
r-release-macos-arm64 0.2.9 NOTE
r-release-macos-x86_64 0.2.9 NOTE
r-release-windows-ix86+x86_64 0.2.9 11.00 78.00 89.00 OK
r-oldrel-macos-x86_64 0.2.9 NOTE
r-oldrel-windows-ix86+x86_64 0.2.9 7.00 80.00 87.00 OK

Check Details

Version: 0.2.9
Check: dependencies in R code
Result: NOTE
    Namespace in Imports field not imported from: ‘ddpcr’
     All declared Imports should be used.
Flavors: r-devel-linux-x86_64-fedora-clang, r-devel-linux-x86_64-fedora-gcc, r-devel-windows-x86_64-gcc10-UCRT, r-patched-solaris-x86, r-release-macos-arm64, r-release-macos-x86_64, r-oldrel-macos-x86_64